CRAN Package Check Results for Package equivalenceTest

Last updated on 2022-05-17 00:51:09 CEST.

Flavor Version Tinstall Tcheck Ttotal Status Flags
r-devel-linux-x86_64-debian-clang 0.0.1.1 1.81 35.43 37.24 NOTE
r-devel-linux-x86_64-debian-gcc 0.0.1.1 1.70 27.36 29.06 NOTE
r-devel-linux-x86_64-fedora-clang 0.0.1.1 47.09 NOTE
r-devel-linux-x86_64-fedora-gcc 0.0.1.1 44.42 NOTE
r-devel-windows-x86_64 0.0.1.1 33.00 51.00 84.00 NOTE
r-patched-linux-x86_64 0.0.1.1 2.04 34.30 36.34 NOTE
r-release-linux-x86_64 0.0.1.1 2.56 33.82 36.38 NOTE
r-release-macos-arm64 0.0.1.1 18.00 NOTE
r-release-macos-x86_64 0.0.1.1 24.00 NOTE
r-release-windows-x86_64 0.0.1.1 41.00 51.00 92.00 NOTE
r-oldrel-macos-arm64 0.0.1.1 20.00 NOTE
r-oldrel-macos-x86_64 0.0.1.1 28.00 NOTE
r-oldrel-windows-ix86+x86_64 0.0.1.1 7.00 41.00 48.00 NOTE

Check Details

Version: 0.0.1.1
Check: LazyData
Result: NOTE
     'LazyData' is specified without a 'data' directory
Flavors: r-devel-linux-x86_64-debian-clang, r-devel-linux-x86_64-debian-gcc, r-devel-linux-x86_64-fedora-clang, r-devel-linux-x86_64-fedora-gcc, r-devel-windows-x86_64, r-patched-linux-x86_64, r-release-linux-x86_64, r-release-macos-arm64, r-release-macos-x86_64, r-release-windows-x86_64, r-oldrel-macos-arm64, r-oldrel-macos-x86_64, r-oldrel-windows-ix86+x86_64

Version: 0.0.1.1
Check: dependencies in R code
Result: NOTE
    Namespaces in Imports field not imported from:
     ‘cubature’ ‘rootSolve’
     All declared Imports should be used.
Flavors: r-devel-linux-x86_64-fedora-clang, r-devel-linux-x86_64-fedora-gcc, r-release-macos-arm64, r-release-macos-x86_64, r-oldrel-macos-arm64, r-oldrel-macos-x86_64