CRAN Package Check Results for Package equate

Last updated on 2022-11-29 01:52:07 CET.

Flavor Version Tinstall Tcheck Ttotal Status Flags
r-devel-linux-x86_64-debian-clang 2.0.8 4.83 98.80 103.63 NOTE
r-devel-linux-x86_64-debian-gcc 2.0.8 4.77 69.71 74.48 NOTE
r-devel-linux-x86_64-fedora-clang 2.0.8 134.31 NOTE
r-devel-linux-x86_64-fedora-gcc 2.0.8 138.39 NOTE
r-devel-windows-x86_64 2.0.8 22.00 123.00 145.00 NOTE
r-patched-linux-x86_64 2.0.8 5.74 89.05 94.79 OK
r-release-linux-x86_64 2.0.8 5.69 92.27 97.96 OK
r-release-macos-arm64 2.0.8 42.00 OK
r-release-macos-x86_64 2.0.8 73.00 OK
r-release-windows-x86_64 2.0.8 35.00 121.00 156.00 OK
r-oldrel-macos-arm64 2.0.8 39.00 OK
r-oldrel-macos-x86_64 2.0.8 72.00 OK
r-oldrel-windows-ix86+x86_64 2.0.8 11.00 119.00 130.00 OK

Check Details

Version: 2.0.8
Check: package subdirectories
Result: NOTE
    Problems with news in 'NEWS.md':
    No news entries found.
Flavors: r-devel-linux-x86_64-debian-clang, r-devel-linux-x86_64-debian-gcc, r-devel-linux-x86_64-fedora-clang, r-devel-linux-x86_64-fedora-gcc, r-devel-windows-x86_64