Last updated on 2025-01-19 00:49:33 CET.
Flavor | Version | Tinstall | Tcheck | Ttotal | Status | Flags |
---|---|---|---|---|---|---|
r-devel-linux-x86_64-debian-clang | 2.0.8 | 5.43 | 80.57 | 86.00 | NOTE | |
r-devel-linux-x86_64-debian-gcc | 2.0.8 | 3.77 | 56.30 | 60.07 | NOTE | |
r-devel-linux-x86_64-fedora-clang | 2.0.8 | 145.12 | NOTE | |||
r-devel-linux-x86_64-fedora-gcc | 2.0.8 | 150.71 | NOTE | |||
r-devel-windows-x86_64 | 2.0.8 | 6.00 | 94.00 | 100.00 | NOTE | |
r-patched-linux-x86_64 | 2.0.8 | 5.55 | 76.56 | 82.11 | NOTE | |
r-release-linux-x86_64 | 2.0.8 | 4.96 | 76.45 | 81.41 | NOTE | |
r-release-macos-arm64 | 2.0.8 | 40.00 | NOTE | |||
r-release-macos-x86_64 | 2.0.8 | 63.00 | NOTE | |||
r-release-windows-x86_64 | 2.0.8 | 7.00 | 93.00 | 100.00 | NOTE | |
r-oldrel-macos-arm64 | 2.0.8 | 43.00 | NOTE | |||
r-oldrel-macos-x86_64 | 2.0.8 | 71.00 | NOTE | |||
r-oldrel-windows-x86_64 | 2.0.8 | 7.00 | 103.00 | 110.00 | NOTE |
Version: 2.0.8
Check: package subdirectories
Result: NOTE
Problems with news in ‘NEWS.md’:
No news entries found.
Flavors: r-devel-linux-x86_64-debian-clang, r-devel-linux-x86_64-debian-gcc, r-devel-linux-x86_64-fedora-clang, r-devel-linux-x86_64-fedora-gcc, r-devel-windows-x86_64, r-patched-linux-x86_64, r-release-linux-x86_64, r-release-macos-arm64, r-release-macos-x86_64, r-release-windows-x86_64, r-oldrel-macos-arm64, r-oldrel-macos-x86_64, r-oldrel-windows-x86_64