Last updated on 2023-12-11 11:53:30 CET.
Flavor | Version | Tinstall | Tcheck | Ttotal | Status | Flags |
---|---|---|---|---|---|---|
r-devel-linux-x86_64-debian-clang | 1.0.0 | 6.22 | 72.91 | 79.13 | OK | |
r-devel-linux-x86_64-debian-gcc | 1.0.0 | 3.74 | 54.74 | 58.48 | OK | |
r-devel-linux-x86_64-fedora-clang | 1.0.0 | NOTE | ||||
r-devel-linux-x86_64-fedora-gcc | 1.0.0 | 108.59 | NOTE | |||
r-devel-windows-x86_64 | 1.0.0 | 7.00 | 83.00 | 90.00 | OK | |
r-patched-linux-x86_64 | 1.0.0 | 6.43 | 70.16 | 76.59 | OK | |
r-release-linux-x86_64 | 1.0.0 | 4.70 | 71.15 | 75.85 | OK | |
r-release-macos-arm64 | 1.0.0 | 41.00 | OK | |||
r-release-macos-x86_64 | 1.0.0 | 131.00 | OK | |||
r-release-windows-x86_64 | 1.0.0 | 9.00 | 98.00 | 107.00 | OK | |
r-oldrel-macos-arm64 | 1.0.0 | 42.00 | OK | |||
r-oldrel-macos-x86_64 | 1.0.0 | 49.00 | OK | |||
r-oldrel-windows-x86_64 | 1.0.0 | 8.00 | 92.00 | 100.00 | OK |
Version: 1.0.0
Check: data for non-ASCII characters
Result: NOTE
Note: found 1 marked UTF-8 string
Flavors: r-devel-linux-x86_64-fedora-clang, r-devel-linux-x86_64-fedora-gcc