CRAN Package Check Results for Package epo

Last updated on 2024-05-20 20:53:56 CEST.

Flavor Version Tinstall Tcheck Ttotal Status Flags
r-devel-linux-x86_64-debian-clang 0.1.0 1.97 24.51 26.48 OK
r-devel-linux-x86_64-debian-gcc 0.1.0 1.49 18.63 20.12 OK
r-devel-linux-x86_64-fedora-clang 0.1.0 34.75 NOTE
r-devel-linux-x86_64-fedora-gcc 0.1.0 31.24 NOTE
r-devel-windows-x86_64 0.1.0 3.00 40.00 43.00 OK
r-patched-linux-x86_64 0.1.0 2.27 23.42 25.69 OK
r-release-linux-x86_64 0.1.0 2.07 23.17 25.24 OK
r-release-macos-arm64 0.1.0 15.00 OK
r-release-windows-x86_64 0.1.0 3.00 41.00 44.00 OK
r-oldrel-macos-arm64 0.1.0 18.00 OK
r-oldrel-macos-x86_64 0.1.0 27.00 OK
r-oldrel-windows-x86_64 0.1.0 4.00 42.00 46.00 OK

Check Details

Version: 0.1.0
Check: dependencies in R code
Result: NOTE Namespace in Imports field not imported from: ‘xts’ All declared Imports should be used. Flavors: r-devel-linux-x86_64-fedora-clang, r-devel-linux-x86_64-fedora-gcc