CRAN Package Check Results for Package epitopeR

Last updated on 2023-06-07 14:00:35 CEST.

Flavor Version Tinstall Tcheck Ttotal Status Flags
r-devel-linux-x86_64-debian-clang 1.0.0 19.65 230.83 250.48 ERROR
r-devel-linux-x86_64-debian-gcc 1.0.0 19.08 170.55 189.63 ERROR
r-devel-linux-x86_64-fedora-clang 1.0.0 327.17 ERROR
r-devel-linux-x86_64-fedora-gcc 1.0.0 311.31 ERROR
r-devel-windows-x86_64 1.0.0 20.00 324.00 344.00 ERROR
r-patched-linux-x86_64 1.0.0 20.00 215.33 235.33 ERROR
r-release-linux-x86_64 1.0.0 14.41 212.87 227.28 ERROR
r-release-macos-arm64 1.0.0 234.00 OK
r-release-macos-x86_64 1.0.0 305.00 OK
r-release-windows-x86_64 1.0.0 25.00 480.00 505.00 ERROR
r-oldrel-macos-arm64 1.0.0 208.00 OK
r-oldrel-macos-x86_64 1.0.0 393.00 OK
r-oldrel-windows-x86_64 1.0.0 27.00 367.00 394.00 ERROR

Check Details

Version: 1.0.0
Check: re-building of vignette outputs
Result: ERROR
    Error(s) in re-building vignettes:
     ...
    --- re-building ‘Covid_vignette.Rmd’ using rmarkdown
    --- finished re-building ‘Covid_vignette.Rmd’
    
    --- re-building ‘HY_vignette.Rmd’ using rmarkdown
    
    Quitting from lines 149-175 [mhcII] (HY_vignette.Rmd)
    Error: processing vignette ‘HY_vignette.Rmd’ failed with diagnostics:
    ℹ In argument: `comblib_score != "-"`.
    Caused by error:
    ! object ‘comblib_score’ not found
    --- failed re-building ‘HY_vignette.Rmd’
    
    --- re-building ‘mhcII-hu.Rmd’ using rmarkdown
    --- finished re-building ‘mhcII-hu.Rmd’
    
    SUMMARY: processing the following file failed:
     ‘HY_vignette.Rmd’
    
    Error: Vignette re-building failed.
    Execution halted
Flavors: r-devel-linux-x86_64-debian-clang, r-devel-linux-x86_64-debian-gcc, r-patched-linux-x86_64, r-release-linux-x86_64

Version: 1.0.0
Check: re-building of vignette outputs
Result: ERROR
    Error(s) in re-building vignettes:
    --- re-building ‘Covid_vignette.Rmd’ using rmarkdown
    --- finished re-building ‘Covid_vignette.Rmd’
    
    --- re-building ‘HY_vignette.Rmd’ using rmarkdown
    
    Quitting from lines 149-175 [mhcII] (HY_vignette.Rmd)
    Error: processing vignette 'HY_vignette.Rmd' failed with diagnostics:
    ℹ In argument: `comblib_score != "-"`.
    Caused by error:
    ! object 'comblib_score' not found
    --- failed re-building ‘HY_vignette.Rmd’
    
    --- re-building ‘mhcII-hu.Rmd’ using rmarkdown
    --- finished re-building ‘mhcII-hu.Rmd’
    
    SUMMARY: processing the following file failed:
     ‘HY_vignette.Rmd’
    
    Error: Vignette re-building failed.
    Execution halted
Flavors: r-devel-linux-x86_64-fedora-clang, r-devel-linux-x86_64-fedora-gcc, r-devel-windows-x86_64, r-release-windows-x86_64, r-oldrel-windows-x86_64