CRAN Package Check Results for Package episode

Last updated on 2019-06-24 15:48:09 CEST.

Flavor Version Tinstall Tcheck Ttotal Status Flags
r-devel-linux-x86_64-debian-clang 1.0.0 202.01 67.11 269.12 WARN
r-devel-linux-x86_64-debian-gcc 1.0.0 162.93 52.35 215.28 NOTE
r-devel-linux-x86_64-fedora-clang 1.0.0 407.28 WARN
r-devel-linux-x86_64-fedora-gcc 1.0.0 367.54 OK
r-devel-windows-ix86+x86_64 1.0.0 557.00 138.00 695.00 OK
r-patched-linux-x86_64 1.0.0 192.08 67.44 259.52 OK
r-patched-solaris-x86 1.0.0 345.20 OK
r-release-linux-x86_64 1.0.0 194.09 67.31 261.40 OK
r-release-windows-ix86+x86_64 1.0.0 417.00 174.00 591.00 OK
r-release-osx-x86_64 1.0.0 WARN
r-oldrel-windows-ix86+x86_64 1.0.0 384.00 118.00 502.00 OK
r-oldrel-osx-x86_64 1.0.0 NOTE

Additional issues

clang-UBSAN gcc-UBSAN valgrind

Check Details

Version: 1.0.0
Check: whether package can be installed
Result: WARN
    Found the following significant warnings:
     motor_param.cpp:257:5: warning: explicitly assigning value of variable of type 'arma::vec' (aka 'Col<double>') to itself [-Wself-assign-overloaded]
Flavors: r-devel-linux-x86_64-debian-clang, r-devel-linux-x86_64-fedora-clang, r-release-osx-x86_64

Version: 1.0.0
Check: package vignettes
Result: NOTE
    Package vignette with placeholder title 'Vignette Title':
     'episode.Rmd'
Flavors: r-devel-linux-x86_64-debian-clang, r-devel-linux-x86_64-debian-gcc

Version: 1.0.0
Check: installed package size
Result: NOTE
     installed size is 13.2Mb
     sub-directories of 1Mb or more:
     libs 12.9Mb
Flavors: r-devel-linux-x86_64-fedora-clang, r-release-osx-x86_64, r-oldrel-osx-x86_64