CRAN Package Check Results for Package episode

Last updated on 2019-04-20 10:47:36 CEST.

Flavor Version Tinstall Tcheck Ttotal Status Flags
r-devel-linux-x86_64-debian-clang 1.0.0 194.07 66.85 260.92 WARN
r-devel-linux-x86_64-debian-gcc 1.0.0 161.05 61.67 222.72 OK
r-devel-linux-x86_64-fedora-clang 1.0.0 409.35 WARN
r-devel-linux-x86_64-fedora-gcc 1.0.0 364.79 OK
r-devel-windows-ix86+x86_64 1.0.0 522.00 147.00 669.00 OK
r-patched-linux-x86_64 1.0.0 184.07 71.76 255.83 OK
r-patched-solaris-x86 1.0.0 338.10 OK
r-release-linux-x86_64 1.0.0 192.18 68.06 260.24 OK
r-release-windows-ix86+x86_64 1.0.0 403.00 168.00 571.00 OK
r-release-osx-x86_64 1.0.0 NOTE
r-oldrel-windows-ix86+x86_64 1.0.0 380.00 170.00 550.00 OK
r-oldrel-osx-x86_64 1.0.0 NOTE

Additional issues

clang-UBSAN gcc-UBSAN valgrind

Check Details

Version: 1.0.0
Check: whether package can be installed
Result: WARN
    Found the following significant warnings:
     motor_param.cpp:257:5: warning: explicitly assigning value of variable of type 'arma::vec' (aka 'Col<double>') to itself [-Wself-assign-overloaded]
Flavors: r-devel-linux-x86_64-debian-clang, r-devel-linux-x86_64-fedora-clang

Version: 1.0.0
Check: installed package size
Result: NOTE
     installed size is 13.0Mb
     sub-directories of 1Mb or more:
     libs 12.7Mb
Flavors: r-devel-linux-x86_64-fedora-clang, r-release-osx-x86_64, r-oldrel-osx-x86_64