CRAN Package Check Results for Package epiphy

Last updated on 2021-06-18 21:53:15 CEST.

Flavor Version Tinstall Tcheck Ttotal Status Flags
r-devel-linux-x86_64-debian-clang 0.3.4 33.31 129.11 162.42 OK
r-devel-linux-x86_64-debian-gcc 0.3.4 22.61 92.65 115.26 OK
r-devel-linux-x86_64-fedora-clang 0.3.4 214.40 OK
r-devel-linux-x86_64-fedora-gcc 0.3.4 187.36 OK
r-devel-windows-x86_64 0.3.4 43.00 147.00 190.00 OK
r-devel-windows-x86_64-gcc10-UCRT 0.3.4 NOTE
r-patched-linux-x86_64 0.3.4 24.60 115.33 139.93 OK
r-patched-solaris-x86 0.3.4 227.10 OK
r-release-linux-x86_64 0.3.4 25.64 115.37 141.01 OK
r-release-macos-arm64 0.3.4 NOTE
r-release-macos-x86_64 0.3.4 OK
r-release-windows-ix86+x86_64 0.3.4 77.00 193.00 270.00 OK
r-oldrel-macos-x86_64 0.3.4 OK
r-oldrel-windows-ix86+x86_64 0.3.4 58.00 196.00 254.00 OK

Check Details

Version: 0.3.4
Check: package dependencies
Result: NOTE
    Package suggested but not available for checking: 'spdep'
Flavors: r-devel-windows-x86_64-gcc10-UCRT, r-release-macos-arm64