CRAN Package Check Results for Package epiphy

Last updated on 2021-09-19 02:50:09 CEST.

Flavor Version Tinstall Tcheck Ttotal Status Flags
r-devel-linux-x86_64-debian-clang 0.3.4 34.59 135.62 170.21 OK
r-devel-linux-x86_64-debian-gcc 0.3.4 22.95 98.84 121.79 OK
r-devel-linux-x86_64-fedora-clang 0.3.4 212.95 OK
r-devel-linux-x86_64-fedora-gcc 0.3.4 210.67 OK
r-devel-windows-x86_64 0.3.4 34.00 162.00 196.00 OK
r-devel-windows-x86_64-gcc10-UCRT 0.3.4 ERROR
r-patched-linux-x86_64 0.3.4 28.41 121.49 149.90 OK
r-patched-solaris-x86 0.3.4 195.50 OK
r-release-linux-x86_64 0.3.4 26.21 121.81 148.02 OK
r-release-macos-arm64 0.3.4 OK
r-release-macos-x86_64 0.3.4 OK
r-release-windows-ix86+x86_64 0.3.4 75.00 162.00 237.00 OK
r-oldrel-macos-x86_64 0.3.4 OK
r-oldrel-windows-ix86+x86_64 0.3.4 78.00 211.00 289.00 OK

Check Details

Version: 0.3.4
Check: whether package can be installed
Result: ERROR
    Installation failed.
Flavor: r-devel-windows-x86_64-gcc10-UCRT