CRAN Package Check Results for Package epiphy

Last updated on 2020-07-14 23:47:59 CEST.

Flavor Version Tinstall Tcheck Ttotal Status Flags
r-devel-linux-x86_64-debian-clang 0.3.4 32.48 115.42 147.90 OK
r-devel-linux-x86_64-debian-gcc 0.3.4 24.41 85.82 110.23 OK
r-devel-linux-x86_64-fedora-clang 0.3.4 193.54 OK
r-devel-linux-x86_64-fedora-gcc 0.3.4 178.43 OK
r-devel-windows-ix86+x86_64 0.3.4 91.00 224.00 315.00 OK
r-patched-linux-x86_64 0.3.4 26.01 106.90 132.91 OK
r-patched-solaris-x86 0.3.4 211.30 OK
r-release-linux-x86_64 0.3.4 25.92 106.82 132.74 OK
r-release-macos-x86_64 0.3.4 ERROR
r-release-windows-ix86+x86_64 0.3.4 99.00 160.00 259.00 OK
r-oldrel-macos-x86_64 0.3.4 OK
r-oldrel-windows-ix86+x86_64 0.3.4 80.00 223.00 303.00 OK

Check Details

Version: 0.3.4
Check: whether package can be installed
Result: ERROR
    Installation failed.
Flavor: r-release-macos-x86_64