CRAN Package Check Results for Package epimdr2

Last updated on 2024-07-12 18:52:12 CEST.

Flavor Version Tinstall Tcheck Ttotal Status Flags
r-devel-linux-x86_64-debian-clang 1.0-9 16.67 99.07 115.74 OK
r-devel-linux-x86_64-debian-gcc 1.0-9 13.48 72.37 85.85 OK
r-devel-linux-x86_64-fedora-clang 1.0-9 152.61 OK
r-devel-linux-x86_64-fedora-gcc 1.0-9 133.90 OK
r-devel-windows-x86_64 1.0-9 16.00 101.00 117.00 OK
r-patched-linux-x86_64 1.0-9 19.92 93.83 113.75 OK
r-release-linux-x86_64 1.0-9 10.71 93.61 104.32 OK
r-release-macos-arm64 1.0-9 43.00 OK
r-release-macos-x86_64 1.0-9 68.00 OK
r-release-windows-x86_64 1.0-9 14.00 104.00 118.00 OK
r-oldrel-macos-arm64 1.0-9 44.00 OK
r-oldrel-macos-x86_64 1.0-9 64.00 NOTE
r-oldrel-windows-x86_64 1.0-9 22.00 118.00 140.00 OK

Check Details

Version: 1.0-9
Check: package dependencies
Result: NOTE Packages suggested but not available for checking: 'fields', 'lme4', 'rworldmap', 'statnet' Flavor: r-oldrel-macos-x86_64