CRAN Package Check Results for Package epimdr

Last updated on 2019-04-20 14:46:38 CEST.

Flavor Version Tinstall Tcheck Ttotal Status Flags
r-devel-linux-x86_64-debian-clang 0.6-2 5.04 39.61 44.65 OK
r-devel-linux-x86_64-debian-gcc 0.6-2 4.99 35.08 40.07 OK
r-devel-linux-x86_64-fedora-clang 0.6-2 55.56 OK
r-devel-linux-x86_64-fedora-gcc 0.6-2 52.27 OK
r-devel-windows-ix86+x86_64 0.6-2 14.00 84.00 98.00 OK
r-patched-linux-x86_64 0.6-2 5.79 40.25 46.04 OK
r-patched-solaris-x86 0.6-2 81.80 OK
r-release-linux-x86_64 0.6-2 4.96 39.39 44.35 NOTE
r-release-windows-ix86+x86_64 0.6-2 7.00 58.00 65.00 OK
r-release-osx-x86_64 0.6-2 OK
r-oldrel-windows-ix86+x86_64 0.6-2 6.00 73.00 79.00 OK
r-oldrel-osx-x86_64 0.6-2 OK

Check Details

Version: 0.6-2
Check: DESCRIPTION meta-information
Result: NOTE
    Dependence on R version ‘3.3.2’ not with patchlevel 0
Flavor: r-release-linux-x86_64