Last updated on 2023-11-29 12:56:46 CET.
Flavor | Version | Tinstall | Tcheck | Ttotal | Status | Flags |
---|---|---|---|---|---|---|
r-devel-linux-x86_64-debian-clang | 0.1.4 | 10.65 | 122.76 | 133.41 | OK | |
r-devel-linux-x86_64-debian-gcc | 0.1.4 | 8.30 | 92.50 | 100.80 | OK | |
r-devel-linux-x86_64-fedora-clang | 0.1.4 | 164.68 | NOTE | |||
r-devel-linux-x86_64-fedora-gcc | 0.1.4 | 156.34 | OK | |||
r-devel-windows-x86_64 | 0.1.4 | 10.00 | 147.00 | 157.00 | OK | |
r-patched-linux-x86_64 | 0.1.4 | 9.53 | 114.53 | 124.06 | OK | |
r-release-linux-x86_64 | 0.1.4 | 6.71 | 116.95 | 123.66 | OK | |
r-release-macos-arm64 | 0.1.4 | 58.00 | OK | |||
r-release-macos-x86_64 | 0.1.4 | 159.00 | OK | |||
r-release-windows-x86_64 | 0.1.4 | 12.00 | 175.00 | 187.00 | OK | |
r-oldrel-macos-arm64 | 0.1.4 | 70.00 | OK | |||
r-oldrel-macos-x86_64 | 0.1.4 | 97.00 | OK | |||
r-oldrel-windows-x86_64 | 0.1.4 | 13.00 | 174.00 | 187.00 | OK |
Version: 0.1.4
Check: package dependencies
Result: NOTE
Imports includes 21 non-default packages.
Importing from so many packages makes the package vulnerable to any of
them becoming unavailable. Move as many as possible to Suggests and
use conditionally.
Flavor: r-devel-linux-x86_64-fedora-clang