CRAN Package Check Results for Package epanet2toolkit

Last updated on 2022-05-19 06:58:15 CEST.

Flavor Version Tinstall Tcheck Ttotal Status Flags
r-devel-linux-x86_64-debian-clang 0.5.1 17.31 42.60 59.91 OK
r-devel-linux-x86_64-debian-gcc 0.5.1 14.29 32.41 46.70 OK
r-devel-linux-x86_64-fedora-clang 0.5.1 74.04 OK
r-devel-linux-x86_64-fedora-gcc 0.5.1 72.08 OK
r-devel-windows-x86_64 0.5.1 112.00 66.00 178.00 WARN
r-patched-linux-x86_64 0.5.1 16.15 40.91 57.06 OK
r-release-linux-x86_64 0.5.1 14.87 40.82 55.69 OK
r-release-macos-arm64 0.5.1 24.00 OK
r-release-macos-x86_64 0.5.1 33.00 OK
r-release-windows-x86_64 0.5.1 104.00 67.00 171.00 WARN
r-oldrel-macos-arm64 0.5.1 34.00 OK
r-oldrel-macos-x86_64 0.5.1 46.00 OK
r-oldrel-windows-ix86+x86_64 0.5.1 56.00 66.00 122.00 OK

Check Details

Version: 0.5.1
Check: whether package can be installed
Result: WARN
    Found the following significant warnings:
     report.c:1466:31: warning: '%02d' directive writing between 2 and 11 bytes into a region of size between 1 and 8 [-Wformat-overflow=]
Flavors: r-devel-windows-x86_64, r-release-windows-x86_64