CRAN Package Check Results for Package envi

Last updated on 2021-04-15 10:48:37 CEST.

Flavor Version Tinstall Tcheck Ttotal Status Flags
r-devel-linux-x86_64-debian-clang 0.1.8 20.09 336.73 356.82 NOTE
r-devel-linux-x86_64-debian-gcc 0.1.8 15.40 250.50 265.90 NOTE
r-devel-linux-x86_64-fedora-clang 0.1.8 438.71 NOTE
r-devel-linux-x86_64-fedora-gcc 0.1.8 424.70 NOTE
r-devel-windows-ix86+x86_64 0.1.8 60.00 432.00 492.00 NOTE
r-devel-windows-x86_64-gcc10-UCRT 0.1.8 NOTE
r-patched-linux-x86_64 0.1.8 18.10 312.78 330.88 OK
r-patched-solaris-x86 0.1.8 774.20 OK
r-release-linux-x86_64 0.1.8 19.56 313.73 333.29 OK
r-release-macos-x86_64 0.1.8 OK
r-release-windows-ix86+x86_64 0.1.8 58.00 438.00 496.00 OK
r-oldrel-macos-x86_64 0.1.8 OK
r-oldrel-windows-ix86+x86_64 0.1.8 33.00 320.00 353.00 OK

Check Details

Version: 0.1.8
Check: LazyData
Result: NOTE
     'LazyData' is specified without a 'data' directory
Flavors: r-devel-linux-x86_64-debian-clang, r-devel-linux-x86_64-debian-gcc, r-devel-linux-x86_64-fedora-clang, r-devel-linux-x86_64-fedora-gcc, r-devel-windows-ix86+x86_64, r-devel-windows-x86_64-gcc10-UCRT