CRAN Package Check Results for Package encryptr

Last updated on 2021-12-03 12:56:33 CET.

Flavor Version Tinstall Tcheck Ttotal Status Flags
r-devel-linux-x86_64-debian-clang 0.1.3 4.30 49.34 53.64 NOTE
r-devel-linux-x86_64-debian-gcc 0.1.3 3.48 37.31 40.79 NOTE
r-devel-linux-x86_64-fedora-clang 0.1.3 74.49 NOTE
r-devel-linux-x86_64-fedora-gcc 0.1.3 62.47 NOTE
r-devel-windows-x86_64-new-UL 0.1.3 12.00 90.00 102.00 OK
r-devel-windows-x86_64-new-TK 0.1.3 NOTE
r-devel-windows-x86_64-old 0.1.3 9.00 54.00 63.00 OK
r-patched-linux-x86_64 0.1.3 9.38 45.14 54.52 NOTE
r-patched-solaris-x86 0.1.3 95.10 NOTE
r-release-linux-x86_64 0.1.3 3.13 44.88 48.01 NOTE
r-release-macos-arm64 0.1.3 NOTE
r-release-macos-x86_64 0.1.3 NOTE
r-release-windows-ix86+x86_64 0.1.3 11.00 70.00 81.00 OK
r-oldrel-macos-x86_64 0.1.3 NOTE
r-oldrel-windows-ix86+x86_64 0.1.3 11.00 67.00 78.00 OK

Check Details

Version: 0.1.3
Check: for non-standard things in the check directory
Result: NOTE
    Found the following files/directories:
     'file.path(temp_dir, gp2.csv)'
Flavors: r-devel-linux-x86_64-debian-clang, r-devel-linux-x86_64-debian-gcc, r-devel-linux-x86_64-fedora-clang, r-devel-linux-x86_64-fedora-gcc, r-patched-linux-x86_64, r-patched-solaris-x86, r-release-linux-x86_64

Version: 0.1.3
Check: dependencies in R code
Result: NOTE
    Namespace in Imports field not imported from: ‘knitr’
     All declared Imports should be used.
Flavors: r-devel-linux-x86_64-fedora-clang, r-devel-linux-x86_64-fedora-gcc, r-devel-windows-x86_64-new-TK, r-patched-solaris-x86, r-release-macos-arm64, r-release-macos-x86_64, r-oldrel-macos-x86_64