Last updated on 2023-06-06 17:00:43 CEST.
Flavor | Version | Tinstall | Tcheck | Ttotal | Status | Flags |
---|---|---|---|---|---|---|
r-devel-linux-x86_64-debian-clang | 0.1.3 | 5.07 | 58.72 | 63.79 | NOTE | |
r-devel-linux-x86_64-debian-gcc | 0.1.3 | 4.10 | 44.45 | 48.55 | NOTE | |
r-devel-linux-x86_64-fedora-clang | 0.1.3 | 76.09 | NOTE | |||
r-devel-linux-x86_64-fedora-gcc | 0.1.3 | 70.83 | NOTE | |||
r-devel-windows-x86_64 | 0.1.3 | 6.00 | 56.00 | 62.00 | OK | |
r-patched-linux-x86_64 | 0.1.3 | 9.26 | 52.88 | 62.14 | NOTE | |
r-release-linux-x86_64 | 0.1.3 | 4.55 | 54.03 | 58.58 | NOTE | |
r-release-macos-arm64 | 0.1.3 | 25.00 | OK | |||
r-release-macos-x86_64 | 0.1.3 | 34.00 | OK | |||
r-release-windows-x86_64 | 0.1.3 | 7.00 | 63.00 | 70.00 | OK | |
r-oldrel-macos-arm64 | 0.1.3 | 27.00 | NOTE | |||
r-oldrel-macos-x86_64 | 0.1.3 | 51.00 | NOTE | |||
r-oldrel-windows-x86_64 | 0.1.3 | 8.00 | 68.00 | 76.00 | OK |
Version: 0.1.3
Check: for non-standard things in the check directory
Result: NOTE
Found the following files/directories:
‘file.path(temp_dir, gp2.csv)’
Flavors: r-devel-linux-x86_64-debian-clang, r-devel-linux-x86_64-debian-gcc, r-devel-linux-x86_64-fedora-clang, r-devel-linux-x86_64-fedora-gcc, r-patched-linux-x86_64, r-release-linux-x86_64
Version: 0.1.3
Check: dependencies in R code
Result: NOTE
Namespace in Imports field not imported from: ‘knitr’
All declared Imports should be used.
Flavors: r-devel-linux-x86_64-fedora-clang, r-devel-linux-x86_64-fedora-gcc, r-oldrel-macos-arm64, r-oldrel-macos-x86_64