CRAN Package Check Results for Package encryptr

Last updated on 2020-06-03 07:51:12 CEST.

Flavor Version Tinstall Tcheck Ttotal Status Flags
r-devel-linux-x86_64-debian-clang 0.1.3 3.61 41.02 44.63 NOTE
r-devel-linux-x86_64-debian-gcc 0.1.3 3.06 30.98 34.04 NOTE
r-devel-linux-x86_64-fedora-clang 0.1.3 60.65 NOTE
r-devel-linux-x86_64-fedora-gcc 0.1.3 51.38 NOTE
r-devel-windows-ix86+x86_64 0.1.3 19.00 76.00 95.00 OK
r-patched-linux-x86_64 0.1.3 3.56 39.93 43.49 NOTE
r-patched-solaris-x86 0.1.3 96.90 NOTE
r-release-linux-x86_64 0.1.3 3.69 40.25 43.94 NOTE
r-release-osx-x86_64 0.1.3 NOTE
r-release-windows-ix86+x86_64 0.1.3 11.00 54.00 65.00 OK
r-oldrel-osx-x86_64 0.1.3 NOTE
r-oldrel-windows-ix86+x86_64 0.1.3 12.00 61.00 73.00 OK

Check Details

Version: 0.1.3
Check: for non-standard things in the check directory
Result: NOTE
    Found the following files/directories:
     'file.path(temp_dir, gp2.csv)'
Flavors: r-devel-linux-x86_64-debian-clang, r-devel-linux-x86_64-debian-gcc, r-devel-linux-x86_64-fedora-clang, r-devel-linux-x86_64-fedora-gcc, r-patched-linux-x86_64, r-patched-solaris-x86, r-release-linux-x86_64

Version: 0.1.3
Check: dependencies in R code
Result: NOTE
    Namespace in Imports field not imported from: ‘knitr’
     All declared Imports should be used.
Flavors: r-devel-linux-x86_64-fedora-clang, r-devel-linux-x86_64-fedora-gcc, r-patched-solaris-x86, r-release-osx-x86_64, r-oldrel-osx-x86_64