Last updated on 2023-10-04 14:03:47 CEST.
Flavor | Version | Tinstall | Tcheck | Ttotal | Status | Flags |
---|---|---|---|---|---|---|
r-devel-linux-x86_64-debian-clang | 0.5.5 | 5.76 | 56.20 | 61.96 | OK | |
r-devel-linux-x86_64-debian-gcc | 0.5.5 | 4.75 | 43.05 | 47.80 | OK | |
r-devel-linux-x86_64-fedora-clang | 0.5.5 | 75.58 | NOTE | |||
r-devel-linux-x86_64-fedora-gcc | 0.5.5 | 85.57 | OK | |||
r-devel-windows-x86_64 | 0.5.5 | 7.00 | 69.00 | 76.00 | NOTE | |
r-patched-linux-x86_64 | 0.5.5 | 5.43 | 53.90 | 59.33 | OK | |
r-release-linux-x86_64 | 0.5.5 | 5.69 | 54.83 | 60.52 | OK | |
r-release-macos-arm64 | 0.5.5 | 34.00 | NOTE | |||
r-release-macos-x86_64 | 0.5.5 | 52.00 | NOTE | |||
r-release-windows-x86_64 | 0.5.5 | 10.00 | 76.00 | 86.00 | NOTE | |
r-oldrel-macos-arm64 | 0.5.5 | 26.00 | NOTE | |||
r-oldrel-macos-x86_64 | 0.5.5 | 42.00 | NOTE | |||
r-oldrel-windows-x86_64 | 0.5.5 | 10.00 | 76.00 | 86.00 | NOTE |
Version: 0.5.5
Check: installed package size
Result: NOTE
installed size is 7.0Mb
sub-directories of 1Mb or more:
emoji_fonts 6.5Mb
Flavors: r-devel-linux-x86_64-fedora-clang, r-devel-windows-x86_64, r-release-macos-arm64, r-release-macos-x86_64, r-release-windows-x86_64, r-oldrel-macos-arm64, r-oldrel-macos-x86_64, r-oldrel-windows-x86_64