CRAN Package Check Results for Package emojifont

Last updated on 2022-09-29 02:49:39 CEST.

Flavor Version Tinstall Tcheck Ttotal Status Flags
r-devel-linux-x86_64-debian-clang 0.5.5 6.47 62.48 68.95 OK
r-devel-linux-x86_64-debian-gcc 0.5.5 5.28 46.82 52.10 OK
r-devel-linux-x86_64-fedora-clang 0.5.5 96.58 NOTE
r-devel-linux-x86_64-fedora-gcc 0.5.5 93.26 OK
r-devel-windows-x86_64 0.5.5 20.00 93.00 113.00 NOTE
r-patched-linux-x86_64 0.5.5 5.61 58.30 63.91 OK
r-release-linux-x86_64 0.5.5 5.96 58.58 64.54 OK
r-release-macos-arm64 0.5.5 26.00 NOTE
r-release-macos-x86_64 0.5.5 42.00 NOTE
r-release-windows-x86_64 0.5.5 18.00 96.00 114.00 NOTE
r-oldrel-macos-arm64 0.5.5 39.00 NOTE
r-oldrel-macos-x86_64 0.5.5 61.00 NOTE
r-oldrel-windows-ix86+x86_64 0.5.5 17.00 88.00 105.00 NOTE

Check Details

Version: 0.5.5
Check: installed package size
Result: NOTE
     installed size is 7.0Mb
     sub-directories of 1Mb or more:
     emoji_fonts 6.5Mb
Flavors: r-devel-linux-x86_64-fedora-clang, r-devel-windows-x86_64, r-release-macos-arm64, r-release-macos-x86_64, r-release-windows-x86_64, r-oldrel-macos-arm64, r-oldrel-macos-x86_64, r-oldrel-windows-ix86+x86_64