CRAN Package Check Results for Package emma

Last updated on 2020-01-19 19:47:51 CET.

Flavor Version Tinstall Tcheck Ttotal Status Flags
r-devel-linux-x86_64-debian-clang 0.1-0 5.24 53.52 58.76 NOTE
r-devel-linux-x86_64-debian-gcc 0.1-0 4.58 42.62 47.20 NOTE
r-devel-linux-x86_64-fedora-clang 0.1-0 71.72 NOTE
r-devel-linux-x86_64-fedora-gcc 0.1-0 70.47 NOTE
r-devel-windows-ix86+x86_64 0.1-0 35.00 77.00 112.00 NOTE
r-devel-windows-ix86+x86_64-gcc8 0.1-0 17.00 105.00 122.00 NOTE
r-patched-linux-x86_64 0.1-0 4.77 48.23 53.00 NOTE
r-patched-solaris-x86 0.1-0 97.40 NOTE
r-release-linux-x86_64 0.1-0 4.22 49.66 53.88 NOTE
r-release-windows-ix86+x86_64 0.1-0 23.00 68.00 91.00 NOTE
r-release-osx-x86_64 0.1-0 NOTE
r-oldrel-windows-ix86+x86_64 0.1-0 12.00 67.00 79.00 NOTE
r-oldrel-osx-x86_64 0.1-0 NOTE

Check Details

Version: 0.1-0
Check: dependencies in R code
Result: NOTE
    'library' or 'require' calls to packages already attached by Depends:
     'clusterSim' 'earth'
     Please remove these calls from your code.
    Packages in Depends field not imported from:
     'clusterSim' 'earth'
     These packages need to be imported from (in the NAMESPACE file)
     for when this namespace is loaded but not attached.
Flavors: r-devel-linux-x86_64-debian-clang, r-devel-linux-x86_64-debian-gcc, r-devel-windows-ix86+x86_64, r-devel-windows-ix86+x86_64-gcc8, r-patched-linux-x86_64, r-release-linux-x86_64, r-release-windows-ix86+x86_64, r-oldrel-windows-ix86+x86_64

Version: 0.1-0
Check: R code for possible problems
Result: NOTE
    distance: no visible global function definition for
     'data.Normalization'
    emmatn: no visible global function definition for 'runif'
    estimateModel: no visible global function definition for 'as.formula'
    estimateModel: no visible global function definition for 'earth'
    estimateModel: no visible global function definition for 'plotmo'
    estimateModel: no visible global function definition for 'predict'
    mutation: no visible global function definition for 'runif'
    plot.emma: no visible global function definition for 'colorRampPalette'
    plot.emma: no visible global function definition for 'par'
    plot.emma: no visible global function definition for 'persp'
    plot.emma: no visible global function definition for 'points'
    plot.emma: no visible global function definition for 'trans3d'
    Undefined global functions or variables:
     as.formula colorRampPalette data.Normalization earth par persp plotmo
     points predict runif trans3d
    Consider adding
     importFrom("grDevices", "colorRampPalette", "trans3d")
     importFrom("graphics", "par", "persp", "points")
     importFrom("stats", "as.formula", "predict", "runif")
    to your NAMESPACE file.
Flavors: r-devel-linux-x86_64-debian-clang, r-devel-linux-x86_64-debian-gcc, r-devel-linux-x86_64-fedora-clang, r-devel-linux-x86_64-fedora-gcc, r-devel-windows-ix86+x86_64, r-devel-windows-ix86+x86_64-gcc8, r-patched-linux-x86_64, r-patched-solaris-x86, r-release-linux-x86_64, r-release-windows-ix86+x86_64, r-release-osx-x86_64, r-oldrel-windows-ix86+x86_64, r-oldrel-osx-x86_64

Version: 0.1-0
Check: dependencies in R code
Result: NOTE
    'library' or 'require' calls to packages already attached by Depends:
     ‘clusterSim’ ‘earth’
     Please remove these calls from your code.
    Namespace in Imports field not imported from: ‘methods’
     All declared Imports should be used.
    Packages in Depends field not imported from:
     ‘clusterSim’ ‘earth’
     These packages need to be imported from (in the NAMESPACE file)
     for when this namespace is loaded but not attached.
Flavors: r-devel-linux-x86_64-fedora-clang, r-devel-linux-x86_64-fedora-gcc, r-patched-solaris-x86, r-release-osx-x86_64, r-oldrel-osx-x86_64