CRAN Package Check Results for Package emma

Last updated on 2019-05-21 16:49:33 CEST.

Flavor Version Tinstall Tcheck Ttotal Status Flags
r-devel-linux-x86_64-debian-clang 0.1-0 19.99 162.47 182.46 NOTE
r-devel-linux-x86_64-debian-gcc 0.1-0 17.12 131.56 148.68 NOTE
r-devel-linux-x86_64-fedora-clang 0.1-0 215.85 NOTE
r-devel-linux-x86_64-fedora-gcc 0.1-0 211.99 NOTE
r-devel-windows-ix86+x86_64 0.1-0 45.00 235.00 280.00 NOTE
r-patched-linux-x86_64 0.1-0 18.58 161.79 180.37 NOTE
r-patched-solaris-x86 0.1-0 344.00 NOTE
r-release-linux-x86_64 0.1-0 19.16 162.76 181.92 NOTE
r-release-windows-ix86+x86_64 0.1-0 63.00 215.00 278.00 NOTE
r-release-osx-x86_64 0.1-0 ERROR
r-oldrel-windows-ix86+x86_64 0.1-0 24.00 162.00 186.00 NOTE
r-oldrel-osx-x86_64 0.1-0 NOTE

Check Details

Version: 0.1-0
Check: dependencies in R code
Result: NOTE
    'library' or 'require' calls to packages already attached by Depends:
     'clusterSim' 'earth'
     Please remove these calls from your code.
    Packages in Depends field not imported from:
     'clusterSim' 'earth'
     These packages need to be imported from (in the NAMESPACE file)
     for when this namespace is loaded but not attached.
Flavors: r-devel-linux-x86_64-debian-clang, r-devel-linux-x86_64-debian-gcc, r-devel-windows-ix86+x86_64, r-patched-linux-x86_64, r-release-linux-x86_64, r-release-windows-ix86+x86_64, r-oldrel-windows-ix86+x86_64

Version: 0.1-0
Check: R code for possible problems
Result: NOTE
    distance: no visible global function definition for
     'data.Normalization'
    emmatn: no visible global function definition for 'runif'
    estimateModel: no visible global function definition for 'as.formula'
    estimateModel: no visible global function definition for 'earth'
    estimateModel: no visible global function definition for 'plotmo'
    estimateModel: no visible global function definition for 'predict'
    mutation: no visible global function definition for 'runif'
    plot.emma: no visible global function definition for 'colorRampPalette'
    plot.emma: no visible global function definition for 'par'
    plot.emma: no visible global function definition for 'persp'
    plot.emma: no visible global function definition for 'points'
    plot.emma: no visible global function definition for 'trans3d'
    Undefined global functions or variables:
     as.formula colorRampPalette data.Normalization earth par persp plotmo
     points predict runif trans3d
    Consider adding
     importFrom("grDevices", "colorRampPalette", "trans3d")
     importFrom("graphics", "par", "persp", "points")
     importFrom("stats", "as.formula", "predict", "runif")
    to your NAMESPACE file.
Flavors: r-devel-linux-x86_64-debian-clang, r-devel-linux-x86_64-debian-gcc, r-devel-linux-x86_64-fedora-clang, r-devel-linux-x86_64-fedora-gcc, r-devel-windows-ix86+x86_64, r-patched-linux-x86_64, r-patched-solaris-x86, r-release-linux-x86_64, r-release-windows-ix86+x86_64, r-oldrel-windows-ix86+x86_64, r-oldrel-osx-x86_64

Version: 0.1-0
Check: dependencies in R code
Result: NOTE
    'library' or 'require' calls to packages already attached by Depends:
     ‘clusterSim’ ‘earth’
     Please remove these calls from your code.
    Namespace in Imports field not imported from: ‘methods’
     All declared Imports should be used.
    Packages in Depends field not imported from:
     ‘clusterSim’ ‘earth’
     These packages need to be imported from (in the NAMESPACE file)
     for when this namespace is loaded but not attached.
Flavors: r-devel-linux-x86_64-fedora-clang, r-devel-linux-x86_64-fedora-gcc, r-patched-solaris-x86, r-oldrel-osx-x86_64

Version: 0.1-0
Check: package dependencies
Result: ERROR
    Package required but not available: ‘clusterSim’
    
    See section ‘The DESCRIPTION file’ in the ‘Writing R Extensions’
    manual.
Flavor: r-release-osx-x86_64