CRAN Package Check Results for Package emld

Last updated on 2021-06-23 03:50:32 CEST.

Flavor Version Tinstall Tcheck Ttotal Status Flags
r-devel-linux-x86_64-debian-clang 0.5.1 5.07 83.06 88.13 NOTE
r-devel-linux-x86_64-debian-gcc 0.5.1 3.75 60.60 64.35 NOTE
r-devel-linux-x86_64-fedora-clang 0.5.1 109.21 NOTE
r-devel-linux-x86_64-fedora-gcc 0.5.1 100.96 NOTE
r-devel-windows-x86_64 0.5.1 10.00 139.00 149.00 ERROR
r-devel-windows-x86_64-gcc10-UCRT 0.5.1 ERROR
r-patched-linux-x86_64 0.5.1 4.48 77.85 82.33 NOTE
r-patched-solaris-x86 0.5.1 144.60 NOTE
r-release-linux-x86_64 0.5.1 4.91 77.01 81.92 NOTE
r-release-macos-arm64 0.5.1 NOTE
r-release-macos-x86_64 0.5.1 NOTE
r-release-windows-ix86+x86_64 0.5.1 13.00 104.00 117.00 NOTE
r-oldrel-macos-x86_64 0.5.1 OK

Check Details

Version: 0.5.1
Check: LazyData
Result: NOTE
     'LazyData' is specified without a 'data' directory
Flavors: r-devel-linux-x86_64-debian-clang, r-devel-linux-x86_64-debian-gcc, r-devel-linux-x86_64-fedora-clang, r-devel-linux-x86_64-fedora-gcc, r-devel-windows-x86_64, r-patched-linux-x86_64, r-patched-solaris-x86, r-release-linux-x86_64, r-release-macos-arm64, r-release-macos-x86_64, r-release-windows-ix86+x86_64

Version: 0.5.1
Check: tests
Result: ERROR
     Running 'spelling.R' [0s]
     Running 'testthat.R' [73s]
    Running the tests in 'tests/testthat.R' failed.
    Complete output:
     > library(testthat)
     > library(emld)
     >
     > options("emld_db" = "eml-2.2.0")
     > test_check("emld")
     == Skipped tests ===============================================================
     * internal class template deprecated (1)
    
     == Failed tests ================================================================
     -- Failure (test-validate.R:21:5): testing that citation-sbclter-bibliography.201.xml can roundtrip & validate --
     eml_validate(out, schema = schema) is not TRUE
    
     `actual`: FALSE
     `expected`: TRUE
     -- Failure (test-validate.R:21:5): testing that citation-sbclter-bibliography.202.xml can roundtrip & validate --
     eml_validate(out, schema = schema) is not TRUE
    
     `actual`: FALSE
     `expected`: TRUE
     -- Failure (test-validate.R:21:5): testing that citation-sbclter-bibliography.203.xml can roundtrip & validate --
     eml_validate(out, schema = schema) is not TRUE
    
     `actual`: FALSE
     `expected`: TRUE
     -- Failure (test-validate.R:21:5): testing that citation-sbclter-bibliography.211.xml can roundtrip & validate --
     eml_validate(out, schema = schema) is not TRUE
    
     `actual`: FALSE
     `expected`: TRUE
     -- Failure (test-validate.R:21:5): testing that citation-sbclter-bibliography.231.xml can roundtrip & validate --
     eml_validate(out, schema = schema) is not TRUE
    
     `actual`: FALSE
     `expected`: TRUE
     -- Failure (test-validate.R:21:5): testing that citation-sbclter-bibliography.232.xml can roundtrip & validate --
     eml_validate(out, schema = schema) is not TRUE
    
     `actual`: FALSE
     `expected`: TRUE
     -- Failure (test-validate.R:21:5): testing that citation-sbclter-bibliography.233.xml can roundtrip & validate --
     eml_validate(out, schema = schema) is not TRUE
    
     `actual`: FALSE
     `expected`: TRUE
     -- Failure (test-validate.R:21:5): testing that citation-sbclter-bibliography.279.xml can roundtrip & validate --
     eml_validate(out, schema = schema) is not TRUE
    
     `actual`: FALSE
     `expected`: TRUE
     -- Failure (test-validate.R:21:5): testing that citation-sbclter-bibliography.280.xml can roundtrip & validate --
     eml_validate(out, schema = schema) is not TRUE
    
     `actual`: FALSE
     `expected`: TRUE
     -- Failure (test-validate.R:21:5): testing that citation-sbclter-bibliography.297.xml can roundtrip & validate --
     eml_validate(out, schema = schema) is not TRUE
    
     `actual`: FALSE
     `expected`: TRUE
     -- Failure (test-validate.R:21:5): testing that citation-sbclter-bibliography.50.xml can roundtrip & validate --
     eml_validate(out, schema = schema) is not TRUE
    
     `actual`: FALSE
     `expected`: TRUE
     -- Failure (test-validate.R:21:5): testing that citation-sbclter-bibliography.51.xml can roundtrip & validate --
     eml_validate(out, schema = schema) is not TRUE
    
     `actual`: FALSE
     `expected`: TRUE
     -- Failure (test-validate.R:21:5): testing that eml-citationWithContact.xml can roundtrip & validate --
     eml_validate(out, schema = schema) is not TRUE
    
     `actual`: FALSE
     `expected`: TRUE
     -- Failure (test-validate.R:21:5): testing that eml-citationWithContactReference.xml can roundtrip & validate --
     eml_validate(out, schema = schema) is not TRUE
    
     `actual`: FALSE
     `expected`: TRUE
     -- Failure (test-validate.R:21:5): testing that eml-access.xml can roundtrip & validate --
     eml_validate(out, schema = schema) is not TRUE
    
     `actual`: FALSE
     `expected`: TRUE
     -- Failure (test-validate.R:21:5): testing that eml-attribute.xml can roundtrip & validate --
     eml_validate(out, schema = schema) is not TRUE
    
     `actual`: FALSE
     `expected`: TRUE
     -- Failure (test-validate.R:21:5): testing that eml-citationWithContact.xml can roundtrip & validate --
     eml_validate(out, schema = schema) is not TRUE
    
     `actual`: FALSE
     `expected`: TRUE
     -- Failure (test-validate.R:21:5): testing that eml-citationWithContactReference.xml can roundtrip & validate --
     eml_validate(out, schema = schema) is not TRUE
    
     `actual`: FALSE
     `expected`: TRUE
     -- Failure (test-validate.R:21:5): testing that eml-dataTable.xml can roundtrip & validate --
     eml_validate(out, schema = schema) is not TRUE
    
     `actual`: FALSE
     `expected`: TRUE
     -- Failure (test-validate.R:21:5): testing that eml-dataset.xml can roundtrip & validate --
     eml_validate(out, schema = schema) is not TRUE
    
     `actual`: FALSE
     `expected`: TRUE
     -- Failure (test-validate.R:21:5): testing that eml-datasetMultipleDistribution.xml can roundtrip & validate --
     eml_validate(out, schema = schema) is not TRUE
    
     `actual`: FALSE
     `expected`: TRUE
     -- Failure (test-validate.R:21:5): testing that eml-datasetWhitespacePatterns.xml can roundtrip & validate --
     eml_validate(out, schema = schema) is not TRUE
    
     `actual`: FALSE
     `expected`: TRUE
     -- Failure (test-validate.R:21:5): testing that eml-datasetWithAccess.xml can roundtrip & validate --
     eml_validate(out, schema = schema) is not TRUE
    
     `actual`: FALSE
     `expected`: TRUE
     -- Failure (test-validate.R:21:5): testing that eml-datasetWithAccessOverride.xml can roundtrip & validate --
     eml_validate(out, schema = schema) is not TRUE
    
     `actual`: FALSE
     `expected`: TRUE
     -- Failure (test-validate.R:21:5): testing that eml-datasetWithAccessUnitsLiteralLayout.xml can roundtrip & validate --
     eml_validate(out, schema = schema) is not TRUE
    
     `actual`: FALSE
     `expected`: TRUE
     -- Failure (test-validate.R:21:5): testing that eml-datasetWithAttributelevelMethods.xml can roundtrip & validate --
     eml_validate(out, schema = schema) is not TRUE
    
     `actual`: FALSE
     `expected`: TRUE
     -- Failure (test-validate.R:21:5): testing that eml-datasetWithCitation.xml can roundtrip & validate --
     eml_validate(out, schema = schema) is not TRUE
    
     `actual`: FALSE
     `expected`: TRUE
     -- Failure (test-validate.R:21:5): testing that eml-datasetWithUnits.xml can roundtrip & validate --
     eml_validate(out, schema = schema) is not TRUE
    
     `actual`: FALSE
     `expected`: TRUE
     -- Failure (test-validate.R:21:5): testing that eml-entity.xml can roundtrip & validate --
     eml_validate(out, schema = schema) is not TRUE
    
     `actual`: FALSE
     `expected`: TRUE
     -- Failure (test-validate.R:21:5): testing that eml-inline.xml can roundtrip & validate --
     eml_validate(out, schema = schema) is not TRUE
    
     `actual`: FALSE
     `expected`: TRUE
     -- Failure (test-validate.R:21:5): testing that eml-method.xml can roundtrip & validate --
     eml_validate(out, schema = schema) is not TRUE
    
     `actual`: FALSE
     `expected`: TRUE
     -- Failure (test-validate.R:21:5): testing that eml-offline.xml can roundtrip & validate --
     eml_validate(out, schema = schema) is not TRUE
    
     `actual`: FALSE
     `expected`: TRUE
     -- Failure (test-validate.R:21:5): testing that eml-party.xml can roundtrip & validate --
     eml_validate(out, schema = schema) is not TRUE
    
     `actual`: FALSE
     `expected`: TRUE
     -- Failure (test-validate.R:21:5): testing that eml-physical-inline-cdatasection.xml can roundtrip & validate --
     eml_validate(out, schema = schema) is not TRUE
    
     `actual`: FALSE
     `expected`: TRUE
     -- Failure (test-validate.R:21:5): testing that eml-physical-inline.xml can roundtrip & validate --
     eml_validate(out, schema = schema) is not TRUE
    
     `actual`: FALSE
     `expected`: TRUE
     -- Failure (test-validate.R:21:5): testing that eml-physical.xml can roundtrip & validate --
     eml_validate(out, schema = schema) is not TRUE
    
     `actual`: FALSE
     `expected`: TRUE
     -- Failure (test-validate.R:21:5): testing that eml-project.xml can roundtrip & validate --
     eml_validate(out, schema = schema) is not TRUE
    
     `actual`: FALSE
     `expected`: TRUE
     -- Failure (test-validate.R:21:5): testing that eml-protocol.xml can roundtrip & validate --
     eml_validate(out, schema = schema) is not TRUE
    
     `actual`: FALSE
     `expected`: TRUE
     -- Failure (test-validate.R:21:5): testing that eml-sample.xml can roundtrip & validate --
     eml_validate(out, schema = schema) is not TRUE
    
     `actual`: FALSE
     `expected`: TRUE
     -- Failure (test-validate.R:21:5): testing that eml-software.xml can roundtrip & validate --
     eml_validate(out, schema = schema) is not TRUE
    
     `actual`: FALSE
     `expected`: TRUE
     -- Failure (test-validate.R:21:5): testing that eml-softwareWithAcessDistribution.xml can roundtrip & validate --
     eml_validate(out, schema = schema) is not TRUE
    
     `actual`: FALSE
     `expected`: TRUE
     -- Failure (test-validate.R:21:5): testing that eml-spatialVector.xml can roundtrip & validate --
     eml_validate(out, schema = schema) is not TRUE
    
     `actual`: FALSE
     `expected`: TRUE
     -- Failure (test-validate.R:21:5): testing that eml-storedProcedure.xml can roundtrip & validate --
     eml_validate(out, schema = schema) is not TRUE
    
     `actual`: FALSE
     `expected`: TRUE
     -- Failure (test-validate.R:21:5): testing that eml-text.xml can roundtrip & validate --
     eml_validate(out, schema = schema) is not TRUE
    
     `actual`: FALSE
     `expected`: TRUE
     -- Failure (test-validate.R:21:5): testing that eml-view.xml can roundtrip & validate --
     eml_validate(out, schema = schema) is not TRUE
    
     `actual`: FALSE
     `expected`: TRUE
     -- Failure (test-validate.R:21:5): testing that eml-datasetWithNonwordCharacters.xml can roundtrip & validate --
     eml_validate(out, schema = schema) is not TRUE
    
     `actual`: FALSE
     `expected`: TRUE
     -- Failure (test-validate.R:21:5): testing that eml-i18n.xml can roundtrip & validate --
     eml_validate(out, schema = schema) is not TRUE
    
     `actual`: FALSE
     `expected`: TRUE
     -- Failure (test-validate.R:21:5): testing that eml-literature.xml can roundtrip & validate --
     eml_validate(out, schema = schema) is not TRUE
    
     `actual`: FALSE
     `expected`: TRUE
     -- Failure (test-validate.R:21:5): testing that eml-literatureInPress.xml can roundtrip & validate --
     eml_validate(out, schema = schema) is not TRUE
    
     `actual`: FALSE
     `expected`: TRUE
    
     [ FAIL 49 | WARN 174 | SKIP 1 | PASS 216 ]
     Error: Test failures
     Execution halted
Flavor: r-devel-windows-x86_64

Version: 0.5.1
Check: package dependencies
Result: ERROR
    Package required but not available: 'jsonld'
    
    Packages suggested but not available for checking: 'covr', 'rdflib'
    
    See section 'The DESCRIPTION file' in the 'Writing R Extensions'
    manual.
Flavor: r-devel-windows-x86_64-gcc10-UCRT

Version: 0.5.1
Check: installed package size
Result: NOTE
     installed size is 5.3Mb
     sub-directories of 1Mb or more:
     xsd 4.1Mb
Flavor: r-patched-solaris-x86