CRAN Package Check Results for Package emhawkes

Last updated on 2019-06-24 15:48:09 CEST.

Flavor Version Tinstall Tcheck Ttotal Status Flags
r-devel-linux-x86_64-debian-clang 0.9.0 4.44 371.37 375.81 NOTE
r-devel-linux-x86_64-debian-gcc 0.9.0 3.12 274.37 277.49 NOTE
r-devel-linux-x86_64-fedora-clang 0.9.0 430.46 OK
r-devel-linux-x86_64-fedora-gcc 0.9.0 415.86 OK
r-devel-windows-ix86+x86_64 0.9.0 11.00 355.00 366.00 OK
r-patched-linux-x86_64 0.9.0 3.35 371.96 375.31 OK
r-patched-solaris-x86 0.9.0 600.90 OK
r-release-linux-x86_64 0.9.0 4.24 375.65 379.89 OK
r-release-windows-ix86+x86_64 0.9.0 8.00 432.00 440.00 OK
r-release-osx-x86_64 0.9.0 OK
r-oldrel-windows-ix86+x86_64 0.9.0 5.00 291.00 296.00 OK
r-oldrel-osx-x86_64 0.9.0 OK

Check Details

Version: 0.9.0
Check: package vignettes
Result: NOTE
    Package vignette with placeholder title 'Vignette Title':
     'example.Rmd'
Flavors: r-devel-linux-x86_64-debian-clang, r-devel-linux-x86_64-debian-gcc