CRAN Package Check Results for Package emhawkes

Last updated on 2020-04-01 12:47:17 CEST.

Flavor Version Tinstall Tcheck Ttotal Status Flags
r-devel-linux-x86_64-debian-clang 0.9.0 4.36 366.47 370.83 NOTE
r-devel-linux-x86_64-debian-gcc 0.9.0 4.09 248.11 252.20 NOTE
r-devel-linux-x86_64-fedora-clang 0.9.0 421.40 OK
r-devel-linux-x86_64-fedora-gcc 0.9.0 406.65 OK
r-devel-windows-ix86+x86_64 0.9.0 9.00 318.00 327.00 NOTE
r-devel-windows-ix86+x86_64-gcc8 0.9.0 9.00 309.00 318.00 NOTE
r-patched-linux-x86_64 0.9.0 4.44 341.81 346.25 NOTE
r-patched-solaris-x86 0.9.0 533.80 OK
r-release-linux-x86_64 0.9.0 3.78 369.90 373.68 OK
r-release-windows-ix86+x86_64 0.9.0 7.00 372.00 379.00 OK
r-release-osx-x86_64 0.9.0 OK
r-oldrel-windows-ix86+x86_64 0.9.0 9.00 400.00 409.00 OK
r-oldrel-osx-x86_64 0.9.0 OK

Check Details

Version: 0.9.0
Check: package vignettes
Result: NOTE
    Package vignette with placeholder title 'Vignette Title':
     'example.Rmd'
Flavors: r-devel-linux-x86_64-debian-clang, r-devel-linux-x86_64-debian-gcc, r-devel-windows-ix86+x86_64, r-devel-windows-ix86+x86_64-gcc8, r-patched-linux-x86_64