CRAN Package Check Results for Package emdist

Last updated on 2019-05-22 21:51:00 CEST.

Flavor Version Tinstall Tcheck Ttotal Status Flags
r-devel-linux-x86_64-debian-clang 0.3-1 3.01 15.73 18.74 NOTE
r-devel-linux-x86_64-debian-gcc 0.3-1 2.12 13.15 15.27 NOTE
r-devel-linux-x86_64-fedora-clang 0.3-1 23.32 NOTE
r-devel-linux-x86_64-fedora-gcc 0.3-1 21.44 NOTE
r-devel-windows-ix86+x86_64 0.3-1 99.00 49.00 148.00 OK
r-patched-linux-x86_64 0.3-1 2.69 15.85 18.54 NOTE
r-patched-solaris-x86 0.3-1 35.50 NOTE
r-release-linux-x86_64 0.3-1 2.72 15.92 18.64 NOTE
r-release-windows-ix86+x86_64 0.3-1 12.00 33.00 45.00 OK
r-release-osx-x86_64 0.3-1 NOTE
r-oldrel-windows-ix86+x86_64 0.3-1 6.00 31.00 37.00 OK
r-oldrel-osx-x86_64 0.3-1 NOTE

Additional issues

rchk

Check Details

Version: 0.3-1
Check: DESCRIPTION meta-information
Result: NOTE
    License components which are templates and need '+ file LICENSE':
     MIT
Flavors: r-devel-linux-x86_64-debian-clang, r-devel-linux-x86_64-debian-gcc, r-devel-linux-x86_64-fedora-clang, r-devel-linux-x86_64-fedora-gcc, r-patched-linux-x86_64, r-patched-solaris-x86, r-release-linux-x86_64, r-release-osx-x86_64, r-oldrel-osx-x86_64

Version: 0.3-1
Check: compiled code
Result: NOTE
    File ‘emdist/libs/emdist.so’:
     Found no calls to: ‘R_registerRoutines’, ‘R_useDynamicSymbols’
    
    It is good practice to register native routines and to disable symbol
    search.
    
    See ‘Writing portable packages’ in the ‘Writing R Extensions’ manual.
Flavors: r-devel-linux-x86_64-fedora-clang, r-devel-linux-x86_64-fedora-gcc