CRAN Package Check Results for Package emdist

Last updated on 2019-03-19 07:46:59 CET.

Flavor Version Tinstall Tcheck Ttotal Status Flags
r-devel-linux-x86_64-debian-clang 0.3-1 2.71 16.04 18.75 NOTE
r-devel-linux-x86_64-debian-gcc 0.3-1 2.03 13.07 15.10 NOTE
r-devel-linux-x86_64-fedora-clang 0.3-1 21.73 NOTE
r-devel-linux-x86_64-fedora-gcc 0.3-1 22.14 NOTE
r-devel-windows-ix86+x86_64 0.3-1 13.00 44.00 57.00 OK
r-patched-linux-x86_64 0.3-1 1.64 15.20 16.84 NOTE
r-patched-solaris-x86 0.3-1 32.20 NOTE
r-release-linux-x86_64 0.3-1 1.74 14.99 16.73 NOTE
r-release-windows-ix86+x86_64 0.3-1 6.00 31.00 37.00 OK
r-release-osx-x86_64 0.3-1 NOTE
r-oldrel-windows-ix86+x86_64 0.3-1 7.00 40.00 47.00 OK
r-oldrel-osx-x86_64 0.3-1 NOTE

Additional issues

rchk

Check Details

Version: 0.3-1
Check: DESCRIPTION meta-information
Result: NOTE
    License components which are templates and need '+ file LICENSE':
     MIT
Flavors: r-devel-linux-x86_64-debian-clang, r-devel-linux-x86_64-debian-gcc, r-devel-linux-x86_64-fedora-clang, r-devel-linux-x86_64-fedora-gcc, r-patched-linux-x86_64, r-patched-solaris-x86, r-release-linux-x86_64, r-release-osx-x86_64, r-oldrel-osx-x86_64

Version: 0.3-1
Check: compiled code
Result: NOTE
    File ‘emdist/libs/emdist.so’:
     Found no calls to: ‘R_registerRoutines’, ‘R_useDynamicSymbols’
    
    It is good practice to register native routines and to disable symbol
    search.
    
    See ‘Writing portable packages’ in the ‘Writing R Extensions’ manual.
Flavors: r-devel-linux-x86_64-fedora-clang, r-devel-linux-x86_64-fedora-gcc