CRAN Package Check Results for Package embed

Last updated on 2022-06-28 19:08:58 CEST.

Flavor Version Tinstall Tcheck Ttotal Status Flags
r-devel-linux-x86_64-debian-clang 0.2.0 17.29 193.83 211.12 OK
r-devel-linux-x86_64-debian-gcc 0.2.0 13.59 144.84 158.43 OK
r-devel-linux-x86_64-fedora-clang 0.2.0 257.62 NOTE
r-devel-linux-x86_64-fedora-gcc 0.2.0 273.54 OK
r-devel-windows-x86_64 0.2.0 40.00 233.00 273.00 OK
r-patched-linux-x86_64 0.2.0 24.82 181.26 206.08 OK
r-release-linux-x86_64 0.2.0 15.88 180.81 196.69 OK
r-release-macos-arm64 0.2.0 69.00 OK
r-release-macos-x86_64 0.2.0 100.00 OK
r-release-windows-x86_64 0.2.0 44.00 206.00 250.00 OK
r-oldrel-macos-arm64 0.2.0 62.00 OK
r-oldrel-macos-x86_64 0.2.0 95.00 OK
r-oldrel-windows-ix86+x86_64 0.2.0 36.00 221.00 257.00 OK

Check Details

Version: 0.2.0
Check: Rd cross-references
Result: NOTE
    Undeclared package ‘textrecipes’ in Rd xrefs
Flavor: r-devel-linux-x86_64-fedora-clang