CRAN Package Check Results for Package emayili

Last updated on 2021-10-18 19:51:33 CEST.

Flavor Version Tinstall Tcheck Ttotal Status Flags
r-devel-linux-x86_64-debian-clang 0.6.1 7.65 62.77 70.42 OK
r-devel-linux-x86_64-debian-gcc 0.6.1 5.88 47.14 53.02 OK
r-devel-linux-x86_64-fedora-clang 0.6.1 91.13 OK
r-devel-linux-x86_64-fedora-gcc 0.6.1 80.14 OK
r-devel-windows-x86_64 0.6.1 11.00 88.00 99.00 OK
r-devel-windows-x86_64-gcc10-UCRT 0.6.1 OK
r-patched-linux-x86_64 0.6.1 6.69 60.23 66.92 OK
r-patched-solaris-x86 0.6.1 121.80 OK
r-release-linux-x86_64 0.6.1 4.97 58.38 63.35 OK
r-release-macos-arm64 0.5.0 NOTE
r-release-macos-x86_64 0.6.1 OK
r-release-windows-ix86+x86_64 0.6.1 12.00 88.00 100.00 OK
r-oldrel-macos-x86_64 0.6.1 OK
r-oldrel-windows-ix86+x86_64 0.6.1 13.00 88.00 101.00 OK

Check Details

Version: 0.5.0
Check: dependencies in R code
Result: NOTE
    Namespace in Imports field not imported from: ‘rlang’
     All declared Imports should be used.
Flavor: r-release-macos-arm64