Last updated on 2023-10-02 05:06:36 CEST.
Flavor | Version | Tinstall | Tcheck | Ttotal | Status | Flags |
---|---|---|---|---|---|---|
r-devel-linux-x86_64-debian-clang | 0.0.13 | 1182.74 | 53.99 | 1236.73 | OK | |
r-devel-linux-x86_64-debian-gcc | 0.0.13 | 737.16 | 42.27 | 779.43 | OK | |
r-devel-linux-x86_64-fedora-clang | 0.0.13 | 1952.31 | OK | |||
r-devel-linux-x86_64-fedora-gcc | 0.0.13 | 1842.30 | OK | |||
r-devel-windows-x86_64 | 0.0.13 | 830.00 | 94.00 | 924.00 | OK | |
r-patched-linux-x86_64 | 0.0.13 | 1075.64 | 54.05 | 1129.69 | OK | |
r-release-linux-x86_64 | 0.0.13 | 1072.77 | 54.50 | 1127.27 | OK | |
r-release-macos-arm64 | 0.0.13 | 315.00 | NOTE | |||
r-release-macos-x86_64 | 0.0.13 | 634.00 | NOTE | |||
r-release-windows-x86_64 | 0.0.13 | 1087.00 | 109.00 | 1196.00 | OK | |
r-oldrel-macos-arm64 | 0.0.13 | 281.00 | NOTE | |||
r-oldrel-macos-x86_64 | 0.0.13 | 383.00 | NOTE | |||
r-oldrel-windows-x86_64 | 0.0.13 | 1016.00 | 111.00 | 1127.00 | OK |
Version: 0.0.13
Check: installed package size
Result: NOTE
installed size is 19.3Mb
sub-directories of 1Mb or more:
data 2.0Mb
libs 17.0Mb
Flavors: r-release-macos-arm64, r-release-macos-x86_64, r-oldrel-macos-arm64, r-oldrel-macos-x86_64