CRAN Package Check Results for Package emIRT

Last updated on 2021-12-04 22:59:33 CET.

Flavor Version Tinstall Tcheck Ttotal Status Flags
r-devel-linux-x86_64-debian-clang 0.0.11 982.54 53.64 1036.18 OK
r-devel-linux-x86_64-debian-gcc 0.0.11 689.63 41.58 731.21 OK
r-devel-linux-x86_64-fedora-clang 0.0.11 1774.09 NOTE
r-devel-linux-x86_64-fedora-gcc 0.0.11 1491.15 OK
r-devel-windows-x86_64-new-UL 0.0.11 1237.00 122.00 1359.00 OK
r-devel-windows-x86_64-new-TK 0.0.11 OK
r-devel-windows-x86_64-old 0.0.11 1320.00 64.00 1384.00 OK
r-patched-linux-x86_64 0.0.11 853.58 44.63 898.21 OK
r-release-linux-x86_64 0.0.11 844.35 43.78 888.13 OK
r-release-macos-arm64 0.0.11 NOTE
r-release-macos-x86_64 0.0.11 NOTE
r-release-windows-ix86+x86_64 0.0.11 2611.00 122.00 2733.00 NOTE
r-oldrel-macos-x86_64 0.0.11 NOTE
r-oldrel-windows-ix86+x86_64 0.0.11 2598.00 119.00 2717.00 NOTE

Check Details

Version: 0.0.11
Check: installed package size
Result: NOTE
     installed size is 16.6Mb
     sub-directories of 1Mb or more:
     data 2.0Mb
     libs 14.4Mb
Flavors: r-devel-linux-x86_64-fedora-clang, r-release-macos-arm64, r-release-macos-x86_64, r-release-windows-ix86+x86_64, r-oldrel-macos-x86_64, r-oldrel-windows-ix86+x86_64

Version: 0.0.11
Check: Rd cross-references
Result: NOTE
    Undeclared package ‘MCMCpack’ in Rd xrefs
Flavor: r-devel-linux-x86_64-fedora-clang