CRAN Package Check Results for Package elmNNRcpp

Last updated on 2023-12-04 18:52:13 CET.

Flavor Version Tinstall Tcheck Ttotal Status Flags
r-devel-linux-x86_64-debian-clang 1.0.4 39.51 37.75 77.26 NOTE
r-devel-linux-x86_64-debian-gcc 1.0.4 28.15 28.43 56.58 NOTE
r-devel-linux-x86_64-fedora-clang 1.0.4 104.56 NOTE
r-devel-linux-x86_64-fedora-gcc 1.0.4 116.23 NOTE
r-devel-windows-x86_64 1.0.4 32.00 74.00 106.00 NOTE
r-patched-linux-x86_64 1.0.4 32.86 35.75 68.61 NOTE
r-release-linux-x86_64 1.0.4 33.77 34.71 68.48 NOTE
r-release-macos-arm64 1.0.4 37.00 NOTE
r-release-macos-x86_64 1.0.4 59.00 NOTE
r-release-windows-x86_64 1.0.4 40.00 78.00 118.00 NOTE
r-oldrel-macos-arm64 1.0.4 36.00 OK
r-oldrel-macos-x86_64 1.0.4 41.00 OK
r-oldrel-windows-x86_64 1.0.4 38.00 76.00 114.00 OK

Check Details

Version: 1.0.4
Check: C++ specification
Result: NOTE Specified C++11: please drop specification unless essential Flavors: r-devel-linux-x86_64-debian-clang, r-devel-linux-x86_64-debian-gcc, r-devel-linux-x86_64-fedora-clang, r-devel-linux-x86_64-fedora-gcc, r-devel-windows-x86_64, r-patched-linux-x86_64, r-release-linux-x86_64, r-release-macos-arm64, r-release-macos-x86_64, r-release-windows-x86_64