CRAN Package Check Results for Package elementR

Last updated on 2019-06-24 12:46:57 CEST.

Flavor Version Tinstall Tcheck Ttotal Status Flags
r-devel-linux-x86_64-debian-clang 1.3.6 49.21 136.51 185.72 OK
r-devel-linux-x86_64-debian-gcc 1.3.6 37.57 104.31 141.88 OK
r-devel-linux-x86_64-fedora-clang 1.3.6 225.31 OK
r-devel-linux-x86_64-fedora-gcc 1.3.6 216.52 OK
r-devel-windows-ix86+x86_64 1.3.6 95.00 130.00 225.00 OK
r-patched-linux-x86_64 1.3.6 54.90 137.35 192.25 OK
r-patched-solaris-x86 1.3.6 302.60 OK
r-release-linux-x86_64 1.3.6 54.47 137.57 192.04 OK
r-release-windows-ix86+x86_64 1.3.6 60.00 196.00 256.00 OK
r-release-osx-x86_64 1.3.6 ERROR
r-oldrel-windows-ix86+x86_64 1.3.6 52.00 112.00 164.00 OK
r-oldrel-osx-x86_64 1.3.6 OK

Check Details

Version: 1.3.6
Check: examples
Result: ERROR
    Running examples in ‘elementR-Ex.R’ failed
    The error most likely occurred in:
    
    > ### Name: elementR_project
    > ### Title: Object elementR_project
    > ### Aliases: elementR_project
    >
    > ### ** Examples
    >
    > ## create a new elementR_repStandard object based on the "filePath"
    > ## from a folder containing sample replicate
    >
    > filePath <- system.file("Example_Session", package="elementR")
    >
    > exampleProject <- elementR_project$new(filePath)
    Error in structure(.External(.C_dotTclObjv, objv), class = "tclObj") :
     [tcl] invalid command name "toplevel".
    Calls: <Anonymous> ... tktoplevel -> tkwidget -> tcl -> .Tcl.objv -> structure
    Execution halted
Flavor: r-release-osx-x86_64