CRAN Package Check Results for Package electionsBR

Last updated on 2020-07-05 05:49:16 CEST.

Flavor Version Tinstall Tcheck Ttotal Status Flags
r-devel-linux-x86_64-debian-clang 0.3.1 4.85 38.78 43.63 OK
r-devel-linux-x86_64-debian-gcc 0.3.1 3.64 30.36 34.00 OK
r-devel-linux-x86_64-fedora-clang 0.3.1 60.66 NOTE
r-devel-linux-x86_64-fedora-gcc 0.3.1 50.09 NOTE
r-devel-windows-ix86+x86_64 0.3.1 18.00 70.00 88.00 OK
r-patched-linux-x86_64 0.3.1 4.46 38.46 42.92 OK
r-patched-solaris-x86 0.3.1 73.20 NOTE
r-release-linux-x86_64 0.3.1 4.95 38.13 43.08 OK
r-release-osx-x86_64 0.3.1 NOTE
r-release-windows-ix86+x86_64 0.3.1 12.00 53.00 65.00 OK
r-oldrel-osx-x86_64 0.3.1 NOTE
r-oldrel-windows-ix86+x86_64 0.3.1 36.00 70.00 106.00 OK

Check Details

Version: 0.3.1
Check: dependencies in R code
Result: NOTE
    Namespace in Imports field not imported from: ‘stats’
     All declared Imports should be used.
Flavors: r-devel-linux-x86_64-fedora-clang, r-devel-linux-x86_64-fedora-gcc, r-patched-solaris-x86, r-release-osx-x86_64, r-oldrel-osx-x86_64