CRAN Package Check Results for Package electionsBR

Last updated on 2021-04-18 08:51:46 CEST.

Flavor Version Tinstall Tcheck Ttotal Status Flags
r-devel-linux-x86_64-debian-clang 0.3.2 5.05 48.82 53.87 NOTE
r-devel-linux-x86_64-debian-gcc 0.3.2 3.73 37.90 41.63 NOTE
r-devel-linux-x86_64-fedora-clang 0.3.2 74.48 NOTE
r-devel-linux-x86_64-fedora-gcc 0.3.2 65.41 NOTE
r-devel-windows-ix86+x86_64 0.3.2 15.00 64.00 79.00 NOTE
r-devel-windows-x86_64-gcc10-UCRT 0.3.2 NOTE
r-patched-linux-x86_64 0.3.2 4.98 45.59 50.57 OK
r-patched-solaris-x86 0.3.2 89.80 NOTE
r-release-linux-x86_64 0.3.2 4.16 45.56 49.72 OK
r-release-macos-x86_64 0.3.2 NOTE
r-release-windows-ix86+x86_64 0.3.2 13.00 67.00 80.00 OK
r-oldrel-macos-x86_64 0.3.2 NOTE
r-oldrel-windows-ix86+x86_64 0.3.2 7.00 61.00 68.00 OK

Check Details

Version: 0.3.2
Check: LazyData
Result: NOTE
     'LazyData' is specified without a 'data' directory
Flavors: r-devel-linux-x86_64-debian-clang, r-devel-linux-x86_64-debian-gcc, r-devel-linux-x86_64-fedora-clang, r-devel-linux-x86_64-fedora-gcc, r-devel-windows-ix86+x86_64, r-devel-windows-x86_64-gcc10-UCRT

Version: 0.3.2
Check: dependencies in R code
Result: NOTE
    Namespace in Imports field not imported from: ‘stats’
     All declared Imports should be used.
Flavors: r-devel-linux-x86_64-fedora-clang, r-devel-linux-x86_64-fedora-gcc, r-devel-windows-x86_64-gcc10-UCRT, r-patched-solaris-x86, r-release-macos-x86_64, r-oldrel-macos-x86_64