CRAN Package Check Results for Package electionsBR

Last updated on 2022-10-03 04:59:26 CEST.

Flavor Version Tinstall Tcheck Ttotal Status Flags
r-devel-linux-x86_64-debian-clang 0.3.2 7.09 59.05 66.14 NOTE
r-devel-linux-x86_64-debian-gcc 0.3.2 4.93 44.46 49.39 NOTE
r-devel-linux-x86_64-fedora-clang 0.3.2 93.90 NOTE
r-devel-linux-x86_64-fedora-gcc 0.3.2 89.71 NOTE
r-devel-windows-x86_64 0.3.2 34.00 97.00 131.00 NOTE
r-patched-linux-x86_64 0.3.2 4.06 53.76 57.82 NOTE
r-release-linux-x86_64 0.3.2 3.92 54.31 58.23 NOTE
r-release-macos-arm64 0.3.2 25.00 NOTE
r-release-macos-x86_64 0.3.2 41.00 NOTE
r-release-windows-x86_64 0.3.2 45.00 102.00 147.00 NOTE
r-oldrel-macos-arm64 0.3.2 29.00 NOTE
r-oldrel-macos-x86_64 0.3.2 45.00 NOTE
r-oldrel-windows-ix86+x86_64 0.3.2 14.00 80.00 94.00 NOTE

Check Details

Version: 0.3.2
Check: LazyData
Result: NOTE
     'LazyData' is specified without a 'data' directory
Flavors: r-devel-linux-x86_64-debian-clang, r-devel-linux-x86_64-debian-gcc, r-devel-linux-x86_64-fedora-clang, r-devel-linux-x86_64-fedora-gcc, r-devel-windows-x86_64, r-patched-linux-x86_64, r-release-linux-x86_64, r-release-macos-arm64, r-release-macos-x86_64, r-release-windows-x86_64, r-oldrel-macos-arm64, r-oldrel-macos-x86_64, r-oldrel-windows-ix86+x86_64

Version: 0.3.2
Check: dependencies in R code
Result: NOTE
    Namespace in Imports field not imported from: ‘stats’
     All declared Imports should be used.
Flavors: r-devel-linux-x86_64-fedora-clang, r-devel-linux-x86_64-fedora-gcc, r-release-macos-arm64, r-release-macos-x86_64, r-oldrel-macos-arm64, r-oldrel-macos-x86_64