CRAN Package Check Results for Package electionsBR

Last updated on 2023-04-01 22:53:40 CEST.

Flavor Version Tinstall Tcheck Ttotal Status Flags
r-devel-linux-x86_64-debian-clang 0.3.2 6.21 52.71 58.92 NOTE
r-devel-linux-x86_64-debian-gcc 0.3.2 4.89 39.68 44.57 NOTE
r-devel-linux-x86_64-fedora-clang 0.3.2 73.44 NOTE
r-devel-linux-x86_64-fedora-gcc 0.3.2 82.80 NOTE
r-devel-windows-x86_64 0.3.2 10.00 84.00 94.00 NOTE
r-patched-linux-x86_64 0.3.2 5.02 49.15 54.17 NOTE
r-release-linux-x86_64 0.3.2 3.67 48.62 52.29 NOTE
r-release-macos-arm64 0.3.2 25.00 NOTE
r-release-macos-x86_64 0.3.2 41.00 NOTE
r-release-windows-x86_64 0.3.2 20.00 89.00 109.00 NOTE
r-oldrel-macos-arm64 0.3.2 29.00 NOTE
r-oldrel-macos-x86_64 0.3.2 45.00 NOTE
r-oldrel-windows-ix86+x86_64 0.3.2 13.00 73.00 86.00 NOTE

Check Details

Version: 0.3.2
Check: LazyData
Result: NOTE
     'LazyData' is specified without a 'data' directory
Flavors: r-devel-linux-x86_64-debian-clang, r-devel-linux-x86_64-debian-gcc, r-devel-linux-x86_64-fedora-clang, r-devel-linux-x86_64-fedora-gcc, r-devel-windows-x86_64, r-patched-linux-x86_64, r-release-linux-x86_64, r-release-macos-arm64, r-release-macos-x86_64, r-release-windows-x86_64, r-oldrel-macos-arm64, r-oldrel-macos-x86_64, r-oldrel-windows-ix86+x86_64

Version: 0.3.2
Check: dependencies in R code
Result: NOTE
    Namespace in Imports field not imported from: ‘stats’
     All declared Imports should be used.
Flavors: r-devel-linux-x86_64-fedora-clang, r-devel-linux-x86_64-fedora-gcc, r-release-macos-arm64, r-release-macos-x86_64, r-oldrel-macos-arm64, r-oldrel-macos-x86_64