CRAN Package Check Results for Package elections.dtree

Last updated on 2024-03-05 04:57:36 CET.

Flavor Version Tinstall Tcheck Ttotal Status Flags
r-devel-linux-x86_64-debian-clang 2.0.0 85.80 102.77 188.57 OK
r-devel-linux-x86_64-debian-gcc 2.0.0 71.72 73.04 144.76 OK
r-devel-linux-x86_64-fedora-clang 2.0.0 264.03 OK
r-devel-linux-x86_64-fedora-gcc 2.0.0 262.56 OK
r-devel-windows-x86_64 2.0.0 71.00 118.00 189.00 OK
r-patched-linux-x86_64 2.0.0 94.13 93.57 187.70 OK
r-release-linux-x86_64 2.0.0 66.65 96.08 162.73 OK
r-release-macos-arm64 2.0.0 66.00 NOTE
r-release-macos-x86_64 2.0.0 115.00 NOTE
r-release-windows-x86_64 2.0.0 91.00 142.00 233.00 OK
r-oldrel-macos-arm64 2.0.0 69.00 NOTE
r-oldrel-windows-x86_64 2.0.0 87.00 156.00 243.00 OK

Additional issues

noRemap

Check Details

Version: 2.0.0
Check: installed package size
Result: NOTE installed size is 9.1Mb sub-directories of 1Mb or more: libs 9.0Mb Flavors: r-release-macos-arm64, r-release-macos-x86_64, r-oldrel-macos-arm64