CRAN Package Check Results for Package elec

Last updated on 2019-04-19 02:46:40 CEST.

Flavor Version Tinstall Tcheck Ttotal Status Flags
r-devel-linux-x86_64-debian-clang 0.1.2.1 3.08 37.84 40.92 NOTE
r-devel-linux-x86_64-debian-gcc 0.1.2.1 3.23 29.07 32.30 NOTE
r-devel-linux-x86_64-fedora-clang 0.1.2.1 48.34 NOTE
r-devel-linux-x86_64-fedora-gcc 0.1.2.1 46.93 NOTE
r-devel-windows-ix86+x86_64 0.1.2.1 6.00 48.00 54.00 OK
r-patched-linux-x86_64 0.1.2.1 3.72 37.69 41.41 NOTE
r-patched-solaris-x86 0.1.2.1 67.30 OK
r-release-linux-x86_64 0.1.2.1 1.99 35.52 37.51 NOTE
r-release-windows-ix86+x86_64 0.1.2.1 7.00 52.00 59.00 OK
r-release-osx-x86_64 0.1.2.1 OK
r-oldrel-windows-ix86+x86_64 0.1.2.1 5.00 59.00 64.00 OK
r-oldrel-osx-x86_64 0.1.2.1 OK

Check Details

Version: 0.1.2.1
Check: Rd line widths
Result: NOTE
    Rd file 'KM.audit.Rd':
     \usage lines wider than 90 characters:
     KM.audit(data, U, Z, alpha = 0.25, plot = FALSE, debug = FALSE, return.Ps = FALSE, truncate.Ps = TRUE)
    
    Rd file 'make.audit.Rd':
     \usage lines wider than 90 characters:
     make.audit(Z = NULL, method = c("tweak", "opt.bad", "opt.bad.WPM", "opt.bad.packed", "opt.bad.packed.WPM", "ok", "no error"), p_d = 0.2 ... [TRUNCATED]
    
    Rd file 'make.opt.packed.bad.Rd':
     \usage lines wider than 90 characters:
     make.opt.packed.bad(Z, max.taint = 1, max.taint.good = max.taint, WPM = FALSE, add.good = 0, add.random = FALSE)
    
    Rd file 'simulateIt.Rd':
     \usage lines wider than 90 characters:
     simulateIt(data, M = 50, alpha = 0.25, plot = FALSE, debug = FALSE, return.Ps = FALSE, truncate.Ps = TRUE)
    
    These lines will be truncated in the PDF manual.
Flavors: r-devel-linux-x86_64-debian-clang, r-devel-linux-x86_64-debian-gcc, r-devel-linux-x86_64-fedora-clang, r-devel-linux-x86_64-fedora-gcc, r-patched-linux-x86_64, r-release-linux-x86_64