CRAN Package Check Results for Package elec

Last updated on 2024-04-23 14:50:18 CEST.

Flavor Version Tinstall Tcheck Ttotal Status Flags
r-devel-linux-x86_64-debian-clang 0.1.2.2 3.92 56.75 60.67 NOTE
r-devel-linux-x86_64-debian-gcc 0.1.2.2 2.96 40.68 43.64 NOTE
r-devel-linux-x86_64-fedora-clang 0.1.2.2 75.03 NOTE
r-devel-linux-x86_64-fedora-gcc 0.1.2.2 71.01 NOTE
r-prerel-macos-arm64 0.1.2.2 28.00 NOTE
r-prerel-windows-x86_64 0.1.2.2 5.00 66.00 71.00 NOTE
r-patched-linux-x86_64 0.1.2.2 4.72 54.04 58.76 NOTE
r-release-linux-x86_64 0.1.2.2 4.76 54.21 58.97 NOTE
r-release-macos-arm64 0.1.2.2 26.00 NOTE
r-release-macos-x86_64 0.1.2.2 39.00 NOTE
r-release-windows-x86_64 0.1.2.2 4.00 73.00 77.00 NOTE
r-oldrel-macos-arm64 0.1.2.2 25.00 OK
r-oldrel-windows-x86_64 0.1.2.2 7.00 66.00 73.00 OK

Check Details

Version: 0.1.2.2
Check: Rd files
Result: NOTE checkRd: (-1) AuditErrors.Rd:40: Escaped LaTeX specials: \_ checkRd: (-1) compute.audit.errors.Rd:24: Escaped LaTeX specials: \_ checkRd: (-1) compute.stark.t.Rd:35: Escaped LaTeX specials: \_ \_ checkRd: (-1) find.q.Rd:44: Escaped LaTeX specials: \_ checkRd: (-1) find.q.Rd:56: Escaped LaTeX specials: \_ checkRd: (-1) stark.test.Rd:50: Escaped LaTeX specials: \$ checkRd: (-1) stark.test.Rd:101: Escaped LaTeX specials: \$ \$ checkRd: (-1) tri.audit.sim.Rd:47: Escaped LaTeX specials: \_ checkRd: (-1) tri.calc.sample.Rd:34: Escaped LaTeX specials: \_ checkRd: (-1) tri.sample.Rd:34: Escaped LaTeX specials: \$ checkRd: (-1) tri.sample.Rd:36: Escaped LaTeX specials: \$ checkRd: (-1) tri.sample.Rd:49: Escaped LaTeX specials: \$ checkRd: (-1) weight.function.Rd:16: Escaped LaTeX specials: \_ Flavors: r-devel-linux-x86_64-debian-clang, r-devel-linux-x86_64-debian-gcc, r-devel-linux-x86_64-fedora-clang, r-devel-linux-x86_64-fedora-gcc, r-prerel-macos-arm64, r-prerel-windows-x86_64, r-patched-linux-x86_64, r-release-linux-x86_64, r-release-macos-arm64, r-release-macos-x86_64, r-release-windows-x86_64