CRAN Package Check Results for Package elec

Last updated on 2023-06-06 20:09:43 CEST.

Flavor Version Tinstall Tcheck Ttotal Status Flags
r-devel-linux-x86_64-debian-clang 0.1.2.2 4.14 55.92 60.06 NOTE
r-devel-linux-x86_64-debian-gcc 0.1.2.2 3.24 40.99 44.23 NOTE
r-devel-linux-x86_64-fedora-clang 0.1.2.2 75.25 NOTE
r-devel-linux-x86_64-fedora-gcc 0.1.2.2 72.06 NOTE
r-devel-windows-x86_64 0.1.2.2 5.00 67.00 72.00 NOTE
r-patched-linux-x86_64 0.1.2.2 5.72 52.08 57.80 NOTE
r-release-linux-x86_64 0.1.2.2 3.98 53.01 56.99 NOTE
r-release-macos-arm64 0.1.2.2 26.00 NOTE
r-release-macos-x86_64 0.1.2.2 39.00 NOTE
r-release-windows-x86_64 0.1.2.2 7.00 68.00 75.00 NOTE
r-oldrel-macos-arm64 0.1.2.2 25.00 OK
r-oldrel-macos-x86_64 0.1.2.2 36.00 OK
r-oldrel-windows-x86_64 0.1.2.2 8.00 65.00 73.00 OK

Check Details

Version: 0.1.2.2
Check: Rd files
Result: NOTE
    checkRd: (-1) AuditErrors.Rd:40: Escaped LaTeX specials: \_
    checkRd: (-1) compute.audit.errors.Rd:24: Escaped LaTeX specials: \_
    checkRd: (-1) compute.stark.t.Rd:35: Escaped LaTeX specials: \_ \_
    checkRd: (-1) find.q.Rd:44: Escaped LaTeX specials: \_
    checkRd: (-1) find.q.Rd:56: Escaped LaTeX specials: \_
    checkRd: (-1) stark.test.Rd:50: Escaped LaTeX specials: \$
    checkRd: (-1) stark.test.Rd:101: Escaped LaTeX specials: \$ \$
    checkRd: (-1) tri.audit.sim.Rd:47: Escaped LaTeX specials: \_
    checkRd: (-1) tri.calc.sample.Rd:34: Escaped LaTeX specials: \_
    checkRd: (-1) tri.sample.Rd:34: Escaped LaTeX specials: \$
    checkRd: (-1) tri.sample.Rd:36: Escaped LaTeX specials: \$
    checkRd: (-1) tri.sample.Rd:49: Escaped LaTeX specials: \$
    checkRd: (-1) weight.function.Rd:16: Escaped LaTeX specials: \_
Flavors: r-devel-linux-x86_64-debian-clang, r-devel-linux-x86_64-debian-gcc, r-devel-linux-x86_64-fedora-clang, r-devel-linux-x86_64-fedora-gcc, r-devel-windows-x86_64, r-patched-linux-x86_64, r-release-linux-x86_64, r-release-macos-arm64, r-release-macos-x86_64, r-release-windows-x86_64