CRAN Package Check Results for Package eimpute

Last updated on 2022-12-02 05:00:03 CET.

Flavor Version Tinstall Tcheck Ttotal Status Flags
r-devel-linux-x86_64-debian-clang 0.2.2 132.77 31.78 164.55 OK
r-devel-linux-x86_64-debian-gcc 0.2.2 114.52 29.78 144.30 OK
r-devel-linux-x86_64-fedora-clang 0.2.2 220.50 OK
r-devel-linux-x86_64-fedora-gcc 0.2.2 254.78 OK
r-devel-windows-x86_64 0.2.2 136.00 99.00 235.00 OK
r-patched-linux-x86_64 0.2.2 129.14 34.70 163.84 OK
r-release-linux-x86_64 0.2.2 126.08 38.98 165.06 OK
r-release-macos-arm64 0.2.2 65.00 NOTE
r-release-macos-x86_64 0.2.2 83.00 NOTE
r-release-windows-x86_64 0.2.2 111.00 97.00 208.00 OK
r-oldrel-macos-arm64 0.2.2 68.00 NOTE
r-oldrel-macos-x86_64 0.2.2 93.00 NOTE
r-oldrel-windows-ix86+x86_64 0.2.2 285.00 89.00 374.00 OK

Check Details

Version: 0.2.2
Check: installed package size
Result: NOTE
     installed size is 47.2Mb
     sub-directories of 1Mb or more:
     libs 46.2Mb
Flavors: r-release-macos-arm64, r-release-macos-x86_64, r-oldrel-macos-arm64, r-oldrel-macos-x86_64