CRAN Package Check Results for Package eigenprcomp

Last updated on 2019-06-24 15:48:09 CEST.

Flavor Version Tinstall Tcheck Ttotal Status Flags
r-devel-linux-x86_64-debian-clang 1.0 1.38 17.67 19.05 NOTE
r-devel-linux-x86_64-debian-gcc 1.0 1.18 14.30 15.48 NOTE
r-devel-linux-x86_64-fedora-clang 1.0 23.41 NOTE
r-devel-linux-x86_64-fedora-gcc 1.0 22.29 NOTE
r-devel-windows-ix86+x86_64 1.0 7.00 28.00 35.00 NOTE
r-patched-linux-x86_64 1.0 1.42 17.79 19.21 NOTE
r-patched-solaris-x86 1.0 37.60 NOTE
r-release-linux-x86_64 1.0 1.31 17.80 19.11 NOTE
r-release-windows-ix86+x86_64 1.0 4.00 40.00 44.00 NOTE
r-release-osx-x86_64 1.0 NOTE
r-oldrel-windows-ix86+x86_64 1.0 2.00 25.00 27.00 NOTE
r-oldrel-osx-x86_64 1.0 NOTE

Check Details

Version: 1.0
Check: R code for possible problems
Result: NOTE
    boot_pr_comp: no visible global function definition for 'cov'
    boot_pr_comp: no visible global function definition for 'quantile'
    boot_pr_comp: no visible global function definition for 'segments'
    boot_pr_comp: no visible global function definition for 'abline'
    Undefined global functions or variables:
     abline cov quantile segments
    Consider adding
     importFrom("graphics", "abline", "segments")
     importFrom("stats", "cov", "quantile")
    to your NAMESPACE file.
Flavors: r-devel-linux-x86_64-debian-clang, r-devel-linux-x86_64-debian-gcc, r-devel-linux-x86_64-fedora-clang, r-devel-linux-x86_64-fedora-gcc, r-devel-windows-ix86+x86_64, r-patched-linux-x86_64, r-patched-solaris-x86, r-release-linux-x86_64, r-release-windows-ix86+x86_64, r-release-osx-x86_64, r-oldrel-windows-ix86+x86_64, r-oldrel-osx-x86_64