CRAN Package Check Results for Package eigenprcomp

Last updated on 2020-04-01 11:48:50 CEST.

Flavor Version Tinstall Tcheck Ttotal Status Flags
r-devel-linux-x86_64-debian-clang 1.0 1.86 18.70 20.56 NOTE
r-devel-linux-x86_64-debian-gcc 1.0 1.55 14.95 16.50 NOTE
r-devel-linux-x86_64-fedora-clang 1.0 25.39 NOTE
r-devel-linux-x86_64-fedora-gcc 1.0 25.24 NOTE
r-devel-windows-ix86+x86_64 1.0 5.00 40.00 45.00 NOTE
r-devel-windows-ix86+x86_64-gcc8 1.0 5.00 31.00 36.00 NOTE
r-patched-linux-x86_64 1.0 1.82 18.55 20.37 NOTE
r-patched-solaris-x86 1.0 41.00 NOTE
r-release-linux-x86_64 1.0 1.45 17.08 18.53 NOTE
r-release-windows-ix86+x86_64 1.0 4.00 40.00 44.00 NOTE
r-release-osx-x86_64 1.0 NOTE
r-oldrel-windows-ix86+x86_64 1.0 2.00 25.00 27.00 NOTE
r-oldrel-osx-x86_64 1.0 NOTE

Check Details

Version: 1.0
Check: R code for possible problems
Result: NOTE
    boot_pr_comp: no visible global function definition for 'cov'
    boot_pr_comp: no visible global function definition for 'quantile'
    boot_pr_comp: no visible global function definition for 'segments'
    boot_pr_comp: no visible global function definition for 'abline'
    Undefined global functions or variables:
     abline cov quantile segments
    Consider adding
     importFrom("graphics", "abline", "segments")
     importFrom("stats", "cov", "quantile")
    to your NAMESPACE file.
Flavors: r-devel-linux-x86_64-debian-clang, r-devel-linux-x86_64-debian-gcc, r-devel-linux-x86_64-fedora-clang, r-devel-linux-x86_64-fedora-gcc, r-devel-windows-ix86+x86_64, r-devel-windows-ix86+x86_64-gcc8, r-patched-linux-x86_64, r-patched-solaris-x86, r-release-linux-x86_64, r-release-windows-ix86+x86_64, r-release-osx-x86_64, r-oldrel-windows-ix86+x86_64, r-oldrel-osx-x86_64