CRAN Package Check Results for Package eigenprcomp

Last updated on 2019-04-20 02:54:20 CEST.

Flavor Version Tinstall Tcheck Ttotal Status Flags
r-devel-linux-x86_64-debian-clang 1.0 1.52 17.85 19.37 NOTE
r-devel-linux-x86_64-debian-gcc 1.0 1.87 17.40 19.27 NOTE
r-devel-linux-x86_64-fedora-clang 1.0 23.08 NOTE
r-devel-linux-x86_64-fedora-gcc 1.0 22.61 NOTE
r-devel-windows-ix86+x86_64 1.0 4.00 28.00 32.00 NOTE
r-patched-linux-x86_64 1.0 1.27 17.68 18.95 NOTE
r-patched-solaris-x86 1.0 35.80 NOTE
r-release-linux-x86_64 1.0 0.85 17.02 17.87 NOTE
r-release-windows-ix86+x86_64 1.0 2.00 25.00 27.00 NOTE
r-release-osx-x86_64 1.0 NOTE
r-oldrel-windows-ix86+x86_64 1.0 2.00 54.00 56.00 NOTE
r-oldrel-osx-x86_64 1.0 NOTE

Check Details

Version: 1.0
Check: R code for possible problems
Result: NOTE
    boot_pr_comp: no visible global function definition for 'cov'
    boot_pr_comp: no visible global function definition for 'quantile'
    boot_pr_comp: no visible global function definition for 'segments'
    boot_pr_comp: no visible global function definition for 'abline'
    Undefined global functions or variables:
     abline cov quantile segments
    Consider adding
     importFrom("graphics", "abline", "segments")
     importFrom("stats", "cov", "quantile")
    to your NAMESPACE file.
Flavors: r-devel-linux-x86_64-debian-clang, r-devel-linux-x86_64-debian-gcc, r-devel-linux-x86_64-fedora-clang, r-devel-linux-x86_64-fedora-gcc, r-devel-windows-ix86+x86_64, r-patched-linux-x86_64, r-patched-solaris-x86, r-release-linux-x86_64, r-release-windows-ix86+x86_64, r-release-osx-x86_64, r-oldrel-windows-ix86+x86_64, r-oldrel-osx-x86_64