CRAN Package Check Results for Package eigeninv

Last updated on 2019-04-22 16:54:03 CEST.

Flavor Version Tinstall Tcheck Ttotal Status Flags
r-devel-linux-x86_64-debian-clang 2011.8-1 1.58 16.73 18.31 NOTE
r-devel-linux-x86_64-debian-gcc 2011.8-1 1.29 13.58 14.87 NOTE
r-devel-linux-x86_64-fedora-clang 2011.8-1 22.03 NOTE
r-devel-linux-x86_64-fedora-gcc 2011.8-1 20.97 NOTE
r-devel-windows-ix86+x86_64 2011.8-1 6.00 25.00 31.00 NOTE
r-patched-linux-x86_64 2011.8-1 1.43 16.86 18.29 NOTE
r-patched-solaris-x86 2011.8-1 35.50 NOTE
r-release-linux-x86_64 2011.8-1 0.68 16.82 17.50 NOTE
r-release-windows-ix86+x86_64 2011.8-1 2.00 25.00 27.00 NOTE
r-release-osx-x86_64 2011.8-1 NOTE
r-oldrel-windows-ix86+x86_64 2011.8-1 2.00 48.00 50.00 NOTE
r-oldrel-osx-x86_64 2011.8-1 NOTE

Check Details

Version: 2011.8-1
Check: R code for possible problems
Result: NOTE
    eiginv: no visible global function definition for 'runif'
    Undefined global functions or variables:
     runif
    Consider adding
     importFrom("stats", "runif")
    to your NAMESPACE file.
Flavors: r-devel-linux-x86_64-debian-clang, r-devel-linux-x86_64-debian-gcc, r-devel-linux-x86_64-fedora-clang, r-devel-linux-x86_64-fedora-gcc, r-devel-windows-ix86+x86_64, r-patched-linux-x86_64, r-patched-solaris-x86, r-release-linux-x86_64, r-release-windows-ix86+x86_64, r-release-osx-x86_64, r-oldrel-windows-ix86+x86_64, r-oldrel-osx-x86_64