CRAN Package Check Results for Package eigeninv

Last updated on 2020-04-04 16:48:30 CEST.

Flavor Version Tinstall Tcheck Ttotal Status Flags
r-devel-linux-x86_64-debian-clang 2011.8-1 1.97 17.59 19.56 NOTE
r-devel-linux-x86_64-debian-gcc 2011.8-1 1.33 14.71 16.04 NOTE
r-devel-linux-x86_64-fedora-clang 2011.8-1 24.37 NOTE
r-devel-linux-x86_64-fedora-gcc 2011.8-1 23.88 NOTE
r-devel-windows-ix86+x86_64 2011.8-1 5.00 41.00 46.00 NOTE
r-devel-windows-ix86+x86_64-gcc8 2011.8-1 5.00 27.00 32.00 NOTE
r-patched-linux-x86_64 2011.8-1 1.63 17.38 19.01 NOTE
r-patched-solaris-x86 2011.8-1 39.80 NOTE
r-release-linux-x86_64 2011.8-1 1.43 16.15 17.58 NOTE
r-release-windows-ix86+x86_64 2011.8-1 5.00 36.00 41.00 NOTE
r-release-osx-x86_64 2011.8-1 NOTE
r-oldrel-windows-ix86+x86_64 2011.8-1 2.00 25.00 27.00 NOTE
r-oldrel-osx-x86_64 2011.8-1 NOTE

Check Details

Version: 2011.8-1
Check: R code for possible problems
Result: NOTE
    eiginv: no visible global function definition for 'runif'
    Undefined global functions or variables:
     runif
    Consider adding
     importFrom("stats", "runif")
    to your NAMESPACE file.
Flavors: r-devel-linux-x86_64-debian-clang, r-devel-linux-x86_64-debian-gcc, r-devel-linux-x86_64-fedora-clang, r-devel-linux-x86_64-fedora-gcc, r-devel-windows-ix86+x86_64, r-devel-windows-ix86+x86_64-gcc8, r-patched-linux-x86_64, r-patched-solaris-x86, r-release-linux-x86_64, r-release-windows-ix86+x86_64, r-release-osx-x86_64, r-oldrel-windows-ix86+x86_64, r-oldrel-osx-x86_64