CRAN Package Check Results for Package eicm

Last updated on 2021-08-05 10:51:46 CEST.

Flavor Version Tinstall Tcheck Ttotal Status Flags
r-devel-linux-x86_64-debian-clang 1.0.1 9.60 200.60 210.20 OK
r-devel-linux-x86_64-debian-gcc 1.0.1 5.95 151.58 157.53 OK
r-devel-linux-x86_64-fedora-clang 1.0.1 259.34 NOTE
r-devel-linux-x86_64-fedora-gcc 1.0.1 249.65 NOTE
r-devel-windows-x86_64 1.0.1 17.00 320.00 337.00 OK
r-devel-windows-x86_64-gcc10-UCRT 1.0.1 ERROR
r-patched-linux-x86_64 1.0.1 7.76 194.81 202.57 OK
r-patched-solaris-x86 1.0.1 436.30 NOTE
r-release-linux-x86_64 1.0.1 8.76 193.41 202.17 OK
r-release-macos-arm64 1.0.1 NOTE
r-release-macos-x86_64 1.0.1 NOTE
r-release-windows-ix86+x86_64 1.0.1 30.00 342.00 372.00 OK
r-oldrel-macos-x86_64 1.0.1 NOTE
r-oldrel-windows-ix86+x86_64 1.0.1 21.00 344.00 365.00 OK

Check Details

Version: 1.0.1
Check: dependencies in R code
Result: NOTE
    Namespace in Imports field not imported from: ‘snow’
     All declared Imports should be used.
Flavors: r-devel-linux-x86_64-fedora-clang, r-devel-linux-x86_64-fedora-gcc, r-patched-solaris-x86, r-release-macos-arm64, r-release-macos-x86_64, r-oldrel-macos-x86_64

Version: 1.0.1
Check: package dependencies
Result: ERROR
    Package required but not available: 'GA'
    
    See section 'The DESCRIPTION file' in the 'Writing R Extensions'
    manual.
Flavor: r-devel-windows-x86_64-gcc10-UCRT