CRAN Package Check Results for Package eia

Last updated on 2024-04-14 16:54:46 CEST.

Flavor Version Tinstall Tcheck Ttotal Status Flags
r-devel-linux-x86_64-debian-clang 0.4.1 5.26 53.90 59.16 OK
r-devel-linux-x86_64-debian-gcc 0.4.1 4.29 41.13 45.42 OK
r-devel-linux-x86_64-fedora-clang 0.4.1 48.46 ERROR
r-devel-linux-x86_64-fedora-gcc 0.4.1 69.33 ERROR
r-devel-windows-x86_64 0.4.1 5.00 62.00 67.00 OK
r-patched-linux-x86_64 0.4.1 4.35 52.13 56.48 OK
r-release-linux-x86_64 0.4.1 3.40 51.09 54.49 ERROR
r-release-macos-arm64 0.4.1 35.00 OK
r-release-macos-x86_64 0.4.1 102.00 OK
r-release-windows-x86_64 0.4.1 8.00 65.00 73.00 OK
r-oldrel-macos-arm64 0.4.1 36.00 OK
r-oldrel-windows-x86_64 0.4.1 8.00 201453.00 201461.00 ERROR

Check Details

Version: 0.4.1
Check: tests
Result: ERROR Running ‘spelling.R’ Running ‘testthat.R’ [0m/90m] Running the tests in ‘tests/testthat.R’ failed. Complete output: > library(testthat) > library(eia) EIA_KEY not found. See `vignette("api", "eia")` for key storage options. > > test_check("eia") Error in curl::curl_fetch_disk(url, x$path, handle = handle): Operation was aborted by an application callback Request failed [ERROR]. Retrying in 1.4 seconds... Execution halted Flavor: r-devel-linux-x86_64-fedora-clang

Version: 0.4.1
Check: tests
Result: ERROR Running ‘spelling.R’ Running ‘testthat.R’ [0m/90m] Running the tests in ‘tests/testthat.R’ failed. Complete output: > library(testthat) > library(eia) EIA_KEY not found. See `vignette("api", "eia")` for key storage options. > > test_check("eia") Error in curl::curl_fetch_disk(url, x$path, handle = handle): Operation was aborted by an application callback Request failed [ERROR]. Retrying in 1 seconds... Error in curl::curl_fetch_disk(url, x$path, handle = handle): Operation was aborted by an application callback Request failed [ERROR]. Retrying in 1 seconds... Flavor: r-devel-linux-x86_64-fedora-gcc

Version: 0.4.1
Check: tests
Result: ERROR Running ‘spelling.R’ [0s/1s] Running ‘testthat.R’ [0m/35m] Running the tests in ‘tests/testthat.R’ failed. Complete output: > library(testthat) > library(eia) EIA_KEY not found. See `vignette("api", "eia")` for key storage options. > > test_check("eia") Error in curl::curl_fetch_disk(url, x$path, handle = handle): Recv failure: Connection reset by peer Request failed [ERROR]. Retrying in 1.5 seconds... Error in curl::curl_fetch_disk(url, x$path, handle = handle): Recv failure: Connection reset by peer Request failed [ERROR]. Retrying in 1.9 seconds... [ FAIL 1 | WARN 0 | SKIP 9 | PASS 24 ] ══ Skipped tests (9) ═══════════════════════════════════════════════════════════ • API key not available. (9): 'test-data.R:5:3', 'test-data.R:60:3', 'test-data.R:86:3', 'test-data.R:175:3', 'test-data.R:223:3', 'test-dirs.R:5:3', 'test-facets.R:4:3', 'test-key.R:4:3', 'test-metadata.R:5:3' ══ Failed tests ════════════════════════════════════════════════════════════════ ── Error ('test-reports.R:2:3'): eia_report returns as expected ──────────────── Error in `curl::curl_fetch_disk(url, x$path, handle = handle)`: Recv failure: Connection reset by peer Backtrace: ▆ 1. └─eia::eia_report(id = "drilling productivity") at test-reports.R:2:3 2. └─eia (local) f(...) 3. └─httr::RETRY(verb = "GET", url = url, httr::write_disk(file)) [ FAIL 1 | WARN 0 | SKIP 9 | PASS 24 ] Error: Test failures Execution halted Flavor: r-release-linux-x86_64

Version: 0.4.1
Check: tests
Result: ERROR Running 'spelling.R' [0s] Running 'testthat.R' [3357m] Running the tests in 'tests/testthat.R' failed. Complete output: > library(testthat) > library(eia) EIA_KEY not found. See `vignette("api", "eia")` for key storage options. > > test_check("eia") Flavor: r-oldrel-windows-x86_64