CRAN Package Check Results for Package eia

Last updated on 2023-10-02 10:01:40 CEST.

Flavor Version Tinstall Tcheck Ttotal Status Flags
r-devel-linux-x86_64-debian-clang 0.3.7 4.93 58.04 62.97 NOTE
r-devel-linux-x86_64-debian-gcc 0.3.7 4.17 44.78 48.95 NOTE
r-devel-linux-x86_64-fedora-clang 0.3.7 77.80 NOTE
r-devel-linux-x86_64-fedora-gcc 0.3.7 87.21 NOTE
r-devel-windows-x86_64 0.3.7 7.00 67.00 74.00 NOTE
r-patched-linux-x86_64 0.3.7 4.01 55.77 59.78 NOTE
r-release-linux-x86_64 0.3.7 5.20 55.75 60.95 NOTE
r-release-macos-arm64 0.3.7 39.00 NOTE
r-release-macos-x86_64 0.3.7 58.00 NOTE
r-release-windows-x86_64 0.3.7 8.00 71.00 79.00 NOTE
r-oldrel-macos-arm64 0.3.7 30.00 NOTE
r-oldrel-macos-x86_64 0.3.7 49.00 NOTE
r-oldrel-windows-x86_64 0.3.7 10.00 74.00 84.00 NOTE

Check Details

Version: 0.3.7
Check: LazyData
Result: NOTE
     'LazyData' is specified without a 'data' directory
Flavors: r-devel-linux-x86_64-debian-clang, r-devel-linux-x86_64-debian-gcc, r-devel-linux-x86_64-fedora-clang, r-devel-linux-x86_64-fedora-gcc, r-devel-windows-x86_64, r-patched-linux-x86_64, r-release-linux-x86_64, r-release-macos-arm64, r-release-macos-x86_64, r-release-windows-x86_64, r-oldrel-macos-arm64, r-oldrel-macos-x86_64, r-oldrel-windows-x86_64