CRAN Package Check Results for Package effectsizescr

Last updated on 2022-12-09 01:50:27 CET.

Flavor Version Tinstall Tcheck Ttotal Status Flags
r-devel-linux-x86_64-debian-clang 0.1.0 2.29 21.53 23.82 NOTE
r-devel-linux-x86_64-debian-gcc 0.1.0 1.76 18.11 19.87 NOTE
r-devel-linux-x86_64-fedora-clang 0.1.0 40.62 NOTE
r-devel-linux-x86_64-fedora-gcc 0.1.0 39.37 NOTE
r-devel-windows-x86_64 0.1.0 11.00 49.00 60.00 NOTE
r-patched-linux-x86_64 0.1.0 1.91 21.69 23.60 NOTE
r-release-linux-x86_64 0.1.0 1.70 21.58 23.28 NOTE
r-release-macos-arm64 0.1.0 14.00 NOTE
r-release-macos-x86_64 0.1.0 19.00 NOTE
r-release-windows-x86_64 0.1.0 12.00 49.00 61.00 NOTE
r-oldrel-macos-arm64 0.1.0 18.00 NOTE
r-oldrel-macos-x86_64 0.1.0 25.00 NOTE
r-oldrel-windows-ix86+x86_64 0.1.0 6.00 45.00 51.00 NOTE

Check Details

Version: 0.1.0
Check: LazyData
Result: NOTE
     'LazyData' is specified without a 'data' directory
Flavors: r-devel-linux-x86_64-debian-clang, r-devel-linux-x86_64-debian-gcc, r-devel-linux-x86_64-fedora-clang, r-devel-linux-x86_64-fedora-gcc, r-devel-windows-x86_64, r-patched-linux-x86_64, r-release-linux-x86_64, r-release-macos-arm64, r-release-macos-x86_64, r-release-windows-x86_64, r-oldrel-macos-arm64, r-oldrel-macos-x86_64, r-oldrel-windows-ix86+x86_64