CRAN Package Check Results for Package effects

Last updated on 2019-04-24 16:52:59 CEST.

Flavor Version Tinstall Tcheck Ttotal Status Flags
r-devel-linux-x86_64-debian-clang 4.1-0 13.11 182.44 195.55 OK
r-devel-linux-x86_64-debian-gcc 4.1-0 9.04 144.60 153.64 OK
r-devel-linux-x86_64-fedora-clang 4.1-0 228.99 OK
r-devel-linux-x86_64-fedora-gcc 4.1-0 199.02 OK
r-devel-windows-ix86+x86_64 4.1-0 27.00 201.00 228.00 OK
r-patched-linux-x86_64 4.1-0 12.59 179.70 192.29 OK
r-patched-solaris-x86 4.1-0 311.60 OK
r-release-linux-x86_64 4.1-0 10.82 172.67 183.49 OK
r-release-windows-ix86+x86_64 4.1-0 15.00 265.00 280.00 OK
r-release-osx-x86_64 4.1-0 OK
r-oldrel-windows-ix86+x86_64 4.0-2 9.00 179.00 188.00 OK
r-oldrel-osx-x86_64 4.1-0 ERROR

Check Details

Version: 4.1-0
Check: whether package can be installed
Result: ERROR
    Installation failed.
Flavor: r-oldrel-osx-x86_64