CRAN Package Check Results for Package effects

Last updated on 2019-02-19 01:47:49 CET.

Flavor Version Tinstall Tcheck Ttotal Status Flags
r-devel-linux-x86_64-debian-clang 4.1-0 12.40 183.38 195.78 OK
r-devel-linux-x86_64-debian-gcc 4.1-0 7.47 144.90 152.37 OK
r-devel-linux-x86_64-fedora-clang 4.1-0 242.98 OK
r-devel-linux-x86_64-fedora-gcc 4.1-0 228.11 OK
r-devel-windows-ix86+x86_64 4.1-0 20.00 209.00 229.00 OK
r-patched-linux-x86_64 4.1-0 9.97 170.16 180.13 OK
r-patched-solaris-x86 4.1-0 307.40 OK
r-release-linux-x86_64 4.1-0 10.94 170.35 181.29 OK
r-release-windows-ix86+x86_64 4.1-0 13.00 189.00 202.00 OK
r-release-osx-x86_64 4.1-0 OK
r-oldrel-windows-ix86+x86_64 4.0-2 9.00 179.00 188.00 OK
r-oldrel-osx-x86_64 4.1-0 ERROR

Check Details

Version: 4.1-0
Check: whether package can be installed
Result: ERROR
    Installation failed.
Flavor: r-oldrel-osx-x86_64