CRAN Package Check Results for Package effectR

Last updated on 2019-03-24 11:51:09 CET.

Flavor Version Tinstall Tcheck Ttotal Status Flags
r-devel-linux-x86_64-debian-clang 1.0.2 3.30 32.41 35.71 OK
r-devel-linux-x86_64-debian-gcc 1.0.2 2.44 25.69 28.13 OK
r-devel-linux-x86_64-fedora-clang 1.0.2 42.31 NOTE
r-devel-linux-x86_64-fedora-gcc 1.0.2 40.44 NOTE
r-devel-windows-ix86+x86_64 1.0.2 12.00 63.00 75.00 OK
r-patched-linux-x86_64 1.0.2 1.99 29.95 31.94 OK
r-patched-solaris-x86 1.0.2 64.40 NOTE
r-release-linux-x86_64 1.0.2 0.32 2.29 2.61 ERROR
r-release-windows-ix86+x86_64 1.0.2 4.00 49.00 53.00 OK
r-release-osx-x86_64 1.0.2 NOTE
r-oldrel-windows-ix86+x86_64 1.0.1 5.00 49.00 54.00 OK
r-oldrel-osx-x86_64 1.0.2 ERROR

Check Details

Version: 1.0.2
Check: dependencies in R code
Result: NOTE
    Namespace in Imports field not imported from: ‘rmarkdown’
     All declared Imports should be used.
Flavors: r-devel-linux-x86_64-fedora-clang, r-devel-linux-x86_64-fedora-gcc, r-patched-solaris-x86, r-release-osx-x86_64

Version: 1.0.2
Check: whether package can be installed
Result: ERROR
    Installation failed.
Flavors: r-release-linux-x86_64, r-oldrel-osx-x86_64