CRAN Package Check Results for Package effectR

Last updated on 2019-05-22 13:47:15 CEST.

Flavor Version Tinstall Tcheck Ttotal Status Flags
r-devel-linux-x86_64-debian-clang 1.0.2 2.64 31.13 33.77 OK
r-devel-linux-x86_64-debian-gcc 1.0.2 2.54 25.68 28.22 OK
r-devel-linux-x86_64-fedora-clang 1.0.2 42.38 NOTE
r-devel-linux-x86_64-fedora-gcc 1.0.2 41.16 NOTE
r-devel-windows-ix86+x86_64 1.0.2 9.00 48.00 57.00 OK
r-patched-linux-x86_64 1.0.2 3.10 32.33 35.43 OK
r-patched-solaris-x86 1.0.2 69.80 NOTE
r-release-linux-x86_64 1.0.2 3.07 31.85 34.92 OK
r-release-windows-ix86+x86_64 1.0.2 12.00 68.00 80.00 OK
r-release-osx-x86_64 1.0.2 NOTE
r-oldrel-windows-ix86+x86_64 1.0.2 4.00 45.00 49.00 OK
r-oldrel-osx-x86_64 1.0.2 NOTE

Check Details

Version: 1.0.2
Check: dependencies in R code
Result: NOTE
    Namespace in Imports field not imported from: ‘rmarkdown’
     All declared Imports should be used.
Flavors: r-devel-linux-x86_64-fedora-clang, r-devel-linux-x86_64-fedora-gcc, r-patched-solaris-x86, r-release-osx-x86_64, r-oldrel-osx-x86_64