Last updated on 2021-04-16 00:47:11 CEST.
Flavor | Version | Tinstall | Tcheck | Ttotal | Status | Flags |
---|---|---|---|---|---|---|
r-devel-linux-x86_64-debian-clang | 1.0.11 | 21.76 | 190.14 | 211.90 | OK | |
r-devel-linux-x86_64-debian-gcc | 1.0.11 | 19.23 | 142.78 | 162.01 | OK | |
r-devel-linux-x86_64-fedora-clang | 1.0.11 | 263.87 | OK | |||
r-devel-linux-x86_64-fedora-gcc | 1.0.11 | 255.56 | OK | |||
r-devel-windows-ix86+x86_64 | 1.0.11 | 59.00 | 221.00 | 280.00 | OK | |
r-devel-windows-x86_64-gcc10-UCRT | 1.0.11 | ERROR | ||||
r-patched-linux-x86_64 | 1.0.11 | 23.14 | 179.48 | 202.62 | OK | |
r-patched-solaris-x86 | 1.0.11 | 357.30 | OK | |||
r-release-linux-x86_64 | 1.0.11 | 22.38 | 178.25 | 200.63 | OK | |
r-release-macos-x86_64 | 1.0.11 | OK | ||||
r-release-windows-ix86+x86_64 | 1.0.11 | 60.00 | 230.00 | 290.00 | OK | |
r-oldrel-macos-x86_64 | 1.0.11 | OK | ||||
r-oldrel-windows-ix86+x86_64 | 1.0.11 | 34.00 | 151.00 | 185.00 | OK |
Version: 1.0.11
Check: package dependencies
Result: ERROR
Package required but not available: 'rstanarm'
See section 'The DESCRIPTION file' in the 'Writing R Extensions'
manual.
Flavor: r-devel-windows-x86_64-gcc10-UCRT