CRAN Package Check Results for Package edibble

Last updated on 2024-03-03 19:56:21 CET.

Flavor Version Tinstall Tcheck Ttotal Status Flags
r-devel-linux-x86_64-debian-clang 1.1.0 11.87 98.86 110.73 OK
r-devel-linux-x86_64-debian-gcc 1.1.0 9.35 74.41 83.76 OK
r-devel-linux-x86_64-fedora-clang 1.1.0 134.75 NOTE
r-devel-linux-x86_64-fedora-gcc 1.1.0 136.50 OK
r-devel-windows-x86_64 1.1.0 12.00 105.00 117.00 OK
r-patched-linux-x86_64 1.1.0 14.33 94.88 109.21 OK
r-release-linux-x86_64 1.1.0 10.31 94.95 105.26 OK
r-release-macos-arm64 1.1.0 39.00 OK
r-release-macos-x86_64 1.1.0 78.00 OK
r-release-windows-x86_64 1.1.0 15.00 129.00 144.00 OK
r-oldrel-macos-arm64 1.1.0 37.00 OK
r-oldrel-windows-x86_64 1.1.0 15.00 109.00 124.00 OK

Check Details

Version: 1.1.0
Check: Rd cross-references
Result: NOTE Undeclared packages ‘tidyr’, ‘scales’ in Rd xrefs Flavor: r-devel-linux-x86_64-fedora-clang