CRAN Package Check Results for Package edgebundleR

Last updated on 2022-05-24 15:52:45 CEST.

Flavor Version Tinstall Tcheck Ttotal Status Flags
r-devel-linux-x86_64-debian-clang 0.1.4 3.84 47.94 51.78 NOTE
r-devel-linux-x86_64-debian-gcc 0.1.4 3.17 38.02 41.19 NOTE
r-devel-linux-x86_64-fedora-clang 0.1.4 64.43 NOTE
r-devel-linux-x86_64-fedora-gcc 0.1.4 62.42 NOTE
r-devel-windows-x86_64 0.1.4 18.00 66.00 84.00 NOTE
r-patched-linux-x86_64 0.1.4 3.11 48.03 51.14 NOTE
r-release-linux-x86_64 0.1.4 NOTE
r-release-macos-arm64 0.1.4 23.00 NOTE
r-release-macos-x86_64 0.1.4 39.00 NOTE
r-release-windows-x86_64 0.1.4 15.00 71.00 86.00 NOTE
r-oldrel-macos-arm64 0.1.4 25.00 NOTE
r-oldrel-macos-x86_64 0.1.4 47.00 NOTE
r-oldrel-windows-ix86+x86_64 0.1.4 12.00 60.00 72.00 NOTE

Check Details

Version: 0.1.4
Check: LazyData
Result: NOTE
     'LazyData' is specified without a 'data' directory
Flavors: r-devel-linux-x86_64-debian-clang, r-devel-linux-x86_64-debian-gcc, r-devel-linux-x86_64-fedora-clang, r-devel-linux-x86_64-fedora-gcc, r-devel-windows-x86_64, r-patched-linux-x86_64, r-release-linux-x86_64, r-release-macos-arm64, r-release-macos-x86_64, r-release-windows-x86_64, r-oldrel-macos-arm64, r-oldrel-macos-x86_64, r-oldrel-windows-ix86+x86_64