CRAN Package Check Results for Package edeaR

Last updated on 2022-08-13 15:53:49 CEST.

Flavor Version Tinstall Tcheck Ttotal Status Flags
r-devel-linux-x86_64-debian-clang 0.9.0 19.44 203.45 222.89 OK
r-devel-linux-x86_64-debian-gcc 0.9.0 14.72 145.70 160.42 OK
r-devel-linux-x86_64-fedora-clang 0.9.0 271.23 NOTE
r-devel-linux-x86_64-fedora-gcc 0.9.0 262.94 NOTE
r-devel-windows-x86_64 0.9.0 95.00 222.00 317.00 OK
r-patched-linux-x86_64 0.9.0 25.53 181.17 206.70 OK
r-release-linux-x86_64 0.9.0 16.86 184.29 201.15 OK
r-release-macos-arm64 0.9.0 77.00 NOTE
r-release-macos-x86_64 0.9.0 95.00 NOTE
r-release-windows-x86_64 0.9.0 79.00 216.00 295.00 OK
r-oldrel-macos-arm64 0.9.0 81.00 NOTE
r-oldrel-macos-x86_64 0.9.0 98.00 NOTE
r-oldrel-windows-ix86+x86_64 0.9.0 36.00 213.00 249.00 OK

Check Details

Version: 0.9.0
Check: dependencies in R code
Result: NOTE
    Namespace in Imports field not imported from: ‘forcats’
     All declared Imports should be used.
Flavors: r-devel-linux-x86_64-fedora-clang, r-devel-linux-x86_64-fedora-gcc, r-release-macos-arm64, r-release-macos-x86_64, r-oldrel-macos-arm64, r-oldrel-macos-x86_64

Version: 0.9.0
Check: Rd cross-references
Result: NOTE
    Undeclared package ‘magrittr’ in Rd xrefs
Flavor: r-devel-linux-x86_64-fedora-clang