CRAN Package Check Results for Package ecr

Last updated on 2022-09-29 02:49:39 CEST.

Flavor Version Tinstall Tcheck Ttotal Status Flags
r-devel-linux-x86_64-debian-clang 2.1.0 16.21 104.20 120.41 NOTE
r-devel-linux-x86_64-debian-gcc 2.1.0 11.37 76.13 87.50 NOTE
r-devel-linux-x86_64-fedora-clang 2.1.0 154.65 NOTE
r-devel-linux-x86_64-fedora-gcc 2.1.0 145.61 NOTE
r-devel-windows-x86_64 2.1.0 50.00 144.00 194.00 NOTE
r-patched-linux-x86_64 2.1.0 15.50 99.95 115.45 NOTE
r-release-linux-x86_64 2.1.0 13.82 99.91 113.73 NOTE
r-release-macos-arm64 2.1.0 58.00 NOTE
r-release-macos-x86_64 2.1.0 84.00 NOTE
r-release-windows-x86_64 2.1.0 48.00 130.00 178.00 NOTE
r-oldrel-macos-arm64 2.1.0 106.00 NOTE
r-oldrel-macos-x86_64 2.1.0 91.00 NOTE
r-oldrel-windows-ix86+x86_64 2.1.0 39.00 149.00 188.00 NOTE

Check Details

Version: 2.1.0
Check: LazyData
Result: NOTE
     'LazyData' is specified without a 'data' directory
Flavors: r-devel-linux-x86_64-debian-clang, r-devel-linux-x86_64-debian-gcc, r-devel-linux-x86_64-fedora-clang, r-devel-linux-x86_64-fedora-gcc, r-devel-windows-x86_64, r-patched-linux-x86_64, r-release-linux-x86_64, r-release-macos-arm64, r-release-macos-x86_64, r-release-windows-x86_64, r-oldrel-macos-arm64, r-oldrel-macos-x86_64, r-oldrel-windows-ix86+x86_64