CRAN Package Check Results for Package ecp

Last updated on 2019-08-19 22:47:04 CEST.

Flavor Version Tinstall Tcheck Ttotal Status Flags
r-devel-linux-x86_64-debian-clang 3.1.1 34.04 40.17 74.21 OK
r-devel-linux-x86_64-debian-gcc 3.1.1 25.99 32.53 58.52 OK
r-devel-linux-x86_64-fedora-clang 3.1.1 101.63 WARN
r-devel-linux-x86_64-fedora-gcc 3.1.1 100.28 OK
r-devel-windows-ix86+x86_64 3.1.1 91.00 100.00 191.00 OK
r-patched-linux-x86_64 3.1.1 28.59 40.51 69.10 OK
r-patched-solaris-x86 3.1.1 112.60 OK
r-release-linux-x86_64 3.1.1 27.51 40.47 67.98 OK
r-release-windows-ix86+x86_64 3.1.1 84.00 74.00 158.00 OK
r-release-osx-x86_64 3.1.1 OK
r-oldrel-windows-ix86+x86_64 3.1.1 87.00 100.00 187.00 OK
r-oldrel-osx-x86_64 3.1.1 OK

Check Details

Version: 3.1.1
Check: whether package can be installed
Result: WARN
    Found the following significant warnings:
     efast.cpp:428:68: warning: 'bind2nd<std::__1::plus<int>, int>' is deprecated [-Wdeprecated-declarations]
     efast.cpp:804:68: warning: 'bind2nd<std::__1::plus<int>, int>' is deprecated [-Wdeprecated-declarations]
     efast.cpp:1243:68: warning: 'bind2nd<std::__1::plus<int>, int>' is deprecated [-Wdeprecated-declarations]
     efast.cpp:1597:68: warning: 'bind2nd<std::__1::plus<int>, int>' is deprecated [-Wdeprecated-declarations]
Flavor: r-devel-linux-x86_64-fedora-clang