Last updated on 2023-06-07 18:56:28 CEST.
Flavor | Version | Tinstall | Tcheck | Ttotal | Status | Flags |
---|---|---|---|---|---|---|
r-devel-linux-x86_64-debian-clang | 0.7.0 | 59.03 | 155.71 | 214.74 | OK | |
r-devel-linux-x86_64-debian-gcc | 0.7.0 | 53.25 | 115.23 | 168.48 | OK | |
r-devel-linux-x86_64-fedora-clang | 0.7.0 | 293.81 | OK | |||
r-devel-linux-x86_64-fedora-gcc | 0.7.0 | 280.77 | OK | |||
r-devel-windows-x86_64 | 0.7.0 | 52.00 | 142.00 | 194.00 | OK | |
r-patched-linux-x86_64 | 0.7.0 | 52.60 | 144.62 | 197.22 | OK | |
r-release-linux-x86_64 | 0.7.0 | 54.91 | 146.25 | 201.16 | OK | |
r-release-macos-arm64 | 0.7.0 | 78.00 | NOTE | |||
r-release-macos-x86_64 | 0.7.0 | 126.00 | NOTE | |||
r-release-windows-x86_64 | 0.7.0 | 69.00 | 175.00 | 244.00 | OK | |
r-oldrel-macos-arm64 | 0.7.0 | 73.00 | NOTE | |||
r-oldrel-macos-x86_64 | 0.7.0 | 98.00 | NOTE | |||
r-oldrel-windows-x86_64 | 0.7.0 | 64.00 | 172.00 | 236.00 | OK |
Version: 0.7.0
Check: installed package size
Result: NOTE
installed size is 11.5Mb
sub-directories of 1Mb or more:
libs 11.3Mb
Flavors: r-release-macos-arm64, r-release-macos-x86_64, r-oldrel-macos-arm64, r-oldrel-macos-x86_64