CRAN Package Check Results for Package ecipex

Last updated on 2019-07-21 07:49:08 CEST.

Flavor Version Tinstall Tcheck Ttotal Status Flags
r-devel-linux-x86_64-debian-clang 1.0 1.91 18.80 20.71 NOTE
r-devel-linux-x86_64-debian-gcc 1.0 1.25 15.85 17.10 NOTE
r-devel-linux-x86_64-fedora-clang 1.0 26.61 NOTE
r-devel-linux-x86_64-fedora-gcc 1.0 26.35 NOTE
r-devel-windows-ix86+x86_64 1.0 4.00 51.00 55.00 NOTE
r-patched-linux-x86_64 1.0 2.03 19.03 21.06 NOTE
r-patched-solaris-x86 1.0 40.90 NOTE
r-release-linux-x86_64 1.0 1.59 19.04 20.63 NOTE
r-release-windows-ix86+x86_64 1.0 4.00 30.00 34.00 NOTE
r-release-osx-x86_64 1.0 NOTE
r-oldrel-windows-ix86+x86_64 1.0 3.00 33.00 36.00 NOTE
r-oldrel-osx-x86_64 1.0 NOTE

Check Details

Version: 1.0
Check: R code for possible problems
Result: NOTE
    ecipex: no visible binding for global variable 'nistiso'
    ecipex : <anonymous>: no visible global function definition for 'nextn'
    ecipex : <anonymous>: no visible global function definition for 'fft'
    ecipex : <anonymous> : <anonymous>: no visible global function
     definition for 'fft'
    Undefined global functions or variables:
     fft nextn nistiso
    Consider adding
     importFrom("stats", "fft", "nextn")
    to your NAMESPACE file.
Flavors: r-devel-linux-x86_64-debian-clang, r-devel-linux-x86_64-debian-gcc, r-devel-linux-x86_64-fedora-clang, r-devel-linux-x86_64-fedora-gcc, r-devel-windows-ix86+x86_64, r-patched-linux-x86_64, r-patched-solaris-x86, r-release-linux-x86_64, r-release-windows-ix86+x86_64, r-release-osx-x86_64, r-oldrel-windows-ix86+x86_64, r-oldrel-osx-x86_64