CRAN Package Check Results for Package ecipex

Last updated on 2019-04-25 00:47:24 CEST.

Flavor Version Tinstall Tcheck Ttotal Status Flags
r-devel-linux-x86_64-debian-clang 1.0 1.84 19.12 20.96 NOTE
r-devel-linux-x86_64-debian-gcc 1.0 1.49 15.55 17.04 NOTE
r-devel-linux-x86_64-fedora-clang 1.0 27.94 NOTE
r-devel-linux-x86_64-fedora-gcc 1.0 24.11 NOTE
r-devel-windows-ix86+x86_64 1.0 7.00 33.00 40.00 NOTE
r-patched-linux-x86_64 1.0 1.50 19.00 20.50 NOTE
r-patched-solaris-x86 1.0 40.00 NOTE
r-release-linux-x86_64 1.0 0.79 17.91 18.70 NOTE
r-release-windows-ix86+x86_64 1.0 2.00 28.00 30.00 NOTE
r-release-osx-x86_64 1.0 NOTE
r-oldrel-windows-ix86+x86_64 1.0 2.00 29.00 31.00 NOTE
r-oldrel-osx-x86_64 1.0 NOTE

Check Details

Version: 1.0
Check: R code for possible problems
Result: NOTE
    ecipex: no visible binding for global variable 'nistiso'
    ecipex : <anonymous>: no visible global function definition for 'nextn'
    ecipex : <anonymous>: no visible global function definition for 'fft'
    ecipex : <anonymous> : <anonymous>: no visible global function
     definition for 'fft'
    Undefined global functions or variables:
     fft nextn nistiso
    Consider adding
     importFrom("stats", "fft", "nextn")
    to your NAMESPACE file.
Flavors: r-devel-linux-x86_64-debian-clang, r-devel-linux-x86_64-debian-gcc, r-devel-linux-x86_64-fedora-clang, r-devel-linux-x86_64-fedora-gcc, r-devel-windows-ix86+x86_64, r-patched-linux-x86_64, r-patched-solaris-x86, r-release-linux-x86_64, r-release-windows-ix86+x86_64, r-release-osx-x86_64, r-oldrel-windows-ix86+x86_64, r-oldrel-osx-x86_64