CRAN Package Check Results for Package echoice2

Last updated on 2023-11-29 11:01:32 CET.

Flavor Version Tinstall Tcheck Ttotal Status Flags
r-devel-linux-x86_64-debian-clang 0.2.4 89.82 108.50 198.32 OK
r-devel-linux-x86_64-debian-gcc 0.2.4 66.97 78.15 145.12 OK
r-devel-linux-x86_64-fedora-clang 0.2.4 252.13 OK
r-devel-linux-x86_64-fedora-gcc 0.2.4 232.26 OK
r-devel-windows-x86_64 0.2.4 62.00 128.00 190.00 OK
r-patched-linux-x86_64 0.2.4 60.87 98.77 159.64 OK
r-release-linux-x86_64 0.2.4 57.35 99.18 156.53 OK
r-release-macos-arm64 0.2.4 79.00 NOTE
r-release-macos-x86_64 0.2.4 267.00 NOTE
r-release-windows-x86_64 0.2.4 83.00 160.00 243.00 OK
r-oldrel-macos-arm64 0.2.4 83.00 NOTE
r-oldrel-macos-x86_64 0.2.3 99.00 NOTE
r-oldrel-windows-x86_64 0.2.4 80.00 141.00 221.00 OK

Check Details

Version: 0.2.4
Check: installed package size
Result: NOTE installed size is 13.5Mb sub-directories of 1Mb or more: doc 1.3Mb libs 11.7Mb Flavors: r-release-macos-arm64, r-release-macos-x86_64, r-oldrel-macos-arm64

Version: 0.2.3
Check: installed package size
Result: NOTE installed size is 12.6Mb sub-directories of 1Mb or more: doc 1.3Mb libs 10.7Mb Flavor: r-oldrel-macos-x86_64