CRAN Package Check Results for Package ecd

Last updated on 2019-04-23 17:51:31 CEST.

Flavor Version Tinstall Tcheck Ttotal Status Flags
r-devel-linux-x86_64-debian-clang 0.9.1 18.96 421.00 439.96 OK
r-devel-linux-x86_64-debian-gcc 0.9.1 15.23 315.03 330.26 OK
r-devel-linux-x86_64-fedora-clang 0.9.1 525.20 OK
r-devel-linux-x86_64-fedora-gcc 0.9.1 485.08 OK
r-devel-windows-ix86+x86_64 0.9.1 43.00 144.00 187.00 OK --no-examples --no-tests --no-vignettes
r-patched-linux-x86_64 0.9.1 18.60 418.08 436.68 OK
r-patched-solaris-x86 0.9.1 631.40 OK
r-release-linux-x86_64 0.9.1 14.80 425.48 440.28 NOTE
r-release-windows-ix86+x86_64 0.9.1 26.00 161.00 187.00 WARN --no-examples --no-tests --no-vignettes
r-release-osx-x86_64 0.9.1 OK
r-oldrel-windows-ix86+x86_64 0.9.1 23.00 171.00 194.00 WARN --no-examples --no-tests --no-vignettes
r-oldrel-osx-x86_64 0.9.1 OK

Check Details

Version: 0.9.1
Check: DESCRIPTION meta-information
Result: NOTE
    Dependence on R version ‘3.3.1’ not with patchlevel 0
Flavor: r-release-linux-x86_64

Version: 0.9.1
Flags: --no-examples --no-tests --no-vignettes
Check: whether package can be installed
Result: WARN
    Found the following significant warnings:
     Warning: S3 methods '[.fun_list', '[.grouped_df', 'all.equal.tbl_df', 'anti_join.data.frame', 'anti_join.tbl_df', 'arrange.data.frame', 'arrange.default', 'arrange.grouped_df', 'arrange.tbl_df', 'arrange_.data.frame', 'arrange_.tbl_df', 'as.data.frame.grouped_df', 'as.data.frame.rowwise_df', 'as.data.frame.tbl_cube', 'as.table.tbl_cube', 'as.tbl.data.frame', 'as.tbl.tbl', 'as.tbl_cube.array', 'as.tbl_cube.data.frame', 'as.tbl_cube.matrix', 'as.tbl_cube.table', 'as_tibble.grouped_df', 'as_tibble.tbl_cube', 'auto_copy.tbl_cube', 'auto_copy.tbl_df', 'cbind.grouped_df', 'collapse.data.frame', 'collect.data.frame', 'common_by.NULL', 'common_by.character', 'common_by.default', 'common_by.list', 'compute.data.frame', 'copy_to.DBIConnection', 'copy_to.src_local', 'default_missing.data.frame', 'default_missing.default', 'dim.tbl_cube', 'distinct.data.frame', 'distinct.default', 'distinct.grouped_df', 'distinct.tbl_df', 'distinct_.data.frame', 'distinct_.grouped_df', 'distinct_.tbl_df', 'do.NULL', 'do.da [... truncated]
Flavor: r-release-windows-ix86+x86_64

Version: 0.9.1
Flags: --no-examples --no-tests --no-vignettes
Check: whether package can be installed
Result: WARN
    Found the following significant warnings:
     Warning: subclass "summaryMpfr" of class "mpfr" is not local and cannot be updated for new inheritance information; consider setClassUnion()
Flavor: r-oldrel-windows-ix86+x86_64