CRAN Package Check Results for Package ebal

Last updated on 2019-07-19 15:46:58 CEST.

Flavor Version Tinstall Tcheck Ttotal Status Flags
r-devel-linux-x86_64-debian-clang 0.1-6 1.63 18.05 19.68 NOTE
r-devel-linux-x86_64-debian-gcc 0.1-6 1.63 14.90 16.53 NOTE
r-devel-linux-x86_64-fedora-clang 0.1-6 25.17 NOTE
r-devel-linux-x86_64-fedora-gcc 0.1-6 26.60 NOTE
r-devel-windows-ix86+x86_64 0.1-6 5.00 27.00 32.00 NOTE
r-patched-linux-x86_64 0.1-6 1.83 17.97 19.80 NOTE
r-patched-solaris-x86 0.1-6 39.90 NOTE
r-release-linux-x86_64 0.1-6 1.83 17.82 19.65 NOTE
r-release-windows-ix86+x86_64 0.1-6 4.00 42.00 46.00 NOTE
r-release-osx-x86_64 0.1-6 NOTE
r-oldrel-windows-ix86+x86_64 0.1-6 2.00 28.00 30.00 NOTE
r-oldrel-osx-x86_64 0.1-6 NOTE

Check Details

Version: 0.1-6
Check: R code for possible problems
Result: NOTE
    eb: no visible global function definition for 'optimize'
    ebalance: no visible global function definition for 'var'
    Undefined global functions or variables:
     optimize var
    Consider adding
     importFrom("stats", "optimize", "var")
    to your NAMESPACE file.
Flavors: r-devel-linux-x86_64-debian-clang, r-devel-linux-x86_64-debian-gcc, r-devel-linux-x86_64-fedora-clang, r-devel-linux-x86_64-fedora-gcc, r-devel-windows-ix86+x86_64, r-patched-linux-x86_64, r-patched-solaris-x86, r-release-linux-x86_64, r-release-windows-ix86+x86_64, r-release-osx-x86_64, r-oldrel-windows-ix86+x86_64, r-oldrel-osx-x86_64