CRAN Package Check Results for Package ebal

Last updated on 2020-04-04 16:48:30 CEST.

Flavor Version Tinstall Tcheck Ttotal Status Flags
r-devel-linux-x86_64-debian-clang 0.1-6 1.97 19.37 21.34 NOTE
r-devel-linux-x86_64-debian-gcc 0.1-6 1.78 16.18 17.96 NOTE
r-devel-linux-x86_64-fedora-clang 0.1-6 26.54 NOTE
r-devel-linux-x86_64-fedora-gcc 0.1-6 26.02 NOTE
r-devel-windows-ix86+x86_64 0.1-6 6.00 41.00 47.00 NOTE
r-devel-windows-ix86+x86_64-gcc8 0.1-6 5.00 28.00 33.00 NOTE
r-patched-linux-x86_64 0.1-6 1.84 19.00 20.84 NOTE
r-patched-solaris-x86 0.1-6 40.60 NOTE
r-release-linux-x86_64 0.1-6 1.76 17.78 19.54 NOTE
r-release-windows-ix86+x86_64 0.1-6 4.00 42.00 46.00 NOTE
r-release-osx-x86_64 0.1-6 NOTE
r-oldrel-windows-ix86+x86_64 0.1-6 2.00 28.00 30.00 NOTE
r-oldrel-osx-x86_64 0.1-6 NOTE

Check Details

Version: 0.1-6
Check: R code for possible problems
Result: NOTE
    eb: no visible global function definition for 'optimize'
    ebalance: no visible global function definition for 'var'
    Undefined global functions or variables:
     optimize var
    Consider adding
     importFrom("stats", "optimize", "var")
    to your NAMESPACE file.
Flavors: r-devel-linux-x86_64-debian-clang, r-devel-linux-x86_64-debian-gcc, r-devel-linux-x86_64-fedora-clang, r-devel-linux-x86_64-fedora-gcc, r-devel-windows-ix86+x86_64, r-devel-windows-ix86+x86_64-gcc8, r-patched-linux-x86_64, r-patched-solaris-x86, r-release-linux-x86_64, r-release-windows-ix86+x86_64, r-release-osx-x86_64, r-oldrel-windows-ix86+x86_64, r-oldrel-osx-x86_64