CRAN Package Check Results for Package ebal

Last updated on 2019-04-23 19:48:30 CEST.

Flavor Version Tinstall Tcheck Ttotal Status Flags
r-devel-linux-x86_64-debian-clang 0.1-6 2.00 18.10 20.10 NOTE
r-devel-linux-x86_64-debian-gcc 0.1-6 1.53 14.61 16.14 NOTE
r-devel-linux-x86_64-fedora-clang 0.1-6 24.17 NOTE
r-devel-linux-x86_64-fedora-gcc 0.1-6 23.00 NOTE
r-devel-windows-ix86+x86_64 0.1-6 7.00 29.00 36.00 NOTE
r-patched-linux-x86_64 0.1-6 1.72 18.82 20.54 NOTE
r-patched-solaris-x86 0.1-6 36.00 NOTE
r-release-linux-x86_64 0.1-6 1.23 16.88 18.11 NOTE
r-release-windows-ix86+x86_64 0.1-6 2.00 28.00 30.00 NOTE
r-release-osx-x86_64 0.1-6 NOTE
r-oldrel-windows-ix86+x86_64 0.1-6 3.00 42.00 45.00 NOTE
r-oldrel-osx-x86_64 0.1-6 NOTE

Check Details

Version: 0.1-6
Check: R code for possible problems
Result: NOTE
    eb: no visible global function definition for 'optimize'
    ebalance: no visible global function definition for 'var'
    Undefined global functions or variables:
     optimize var
    Consider adding
     importFrom("stats", "optimize", "var")
    to your NAMESPACE file.
Flavors: r-devel-linux-x86_64-debian-clang, r-devel-linux-x86_64-debian-gcc, r-devel-linux-x86_64-fedora-clang, r-devel-linux-x86_64-fedora-gcc, r-devel-windows-ix86+x86_64, r-patched-linux-x86_64, r-patched-solaris-x86, r-release-linux-x86_64, r-release-windows-ix86+x86_64, r-release-osx-x86_64, r-oldrel-windows-ix86+x86_64, r-oldrel-osx-x86_64