CRAN Package Check Results for Package ebSNP

Last updated on 2019-06-16 14:47:32 CEST.

Flavor Version Tinstall Tcheck Ttotal Status Flags
r-devel-linux-x86_64-debian-clang 1.0 1.46 16.32 17.78 NOTE
r-devel-linux-x86_64-debian-gcc 1.0 1.15 13.36 14.51 NOTE
r-devel-linux-x86_64-fedora-clang 1.0 22.25 NOTE
r-devel-linux-x86_64-fedora-gcc 1.0 21.36 NOTE
r-devel-windows-ix86+x86_64 1.0 5.00 28.00 33.00 NOTE
r-patched-linux-x86_64 1.0 1.52 16.52 18.04 NOTE
r-patched-solaris-x86 1.0 34.60 NOTE
r-release-linux-x86_64 1.0 1.42 16.38 17.80 NOTE
r-release-windows-ix86+x86_64 1.0 4.00 40.00 44.00 NOTE
r-release-osx-x86_64 1.0 NOTE
r-oldrel-windows-ix86+x86_64 1.0 2.00 25.00 27.00 NOTE
r-oldrel-osx-x86_64 1.0 NOTE

Check Details

Version: 1.0
Check: R code for possible problems
Result: NOTE
    ebSNP: no visible global function definition for 'optim'
    Undefined global functions or variables:
     optim
    Consider adding
     importFrom("stats", "optim")
    to your NAMESPACE file.
Flavors: r-devel-linux-x86_64-debian-clang, r-devel-linux-x86_64-debian-gcc, r-devel-linux-x86_64-fedora-clang, r-devel-linux-x86_64-fedora-gcc, r-devel-windows-ix86+x86_64, r-patched-linux-x86_64, r-patched-solaris-x86, r-release-linux-x86_64, r-release-windows-ix86+x86_64, r-release-osx-x86_64, r-oldrel-windows-ix86+x86_64, r-oldrel-osx-x86_64