CRAN Package Check Results for Package ebSNP

Last updated on 2019-04-20 04:51:53 CEST.

Flavor Version Tinstall Tcheck Ttotal Status Flags
r-devel-linux-x86_64-debian-clang 1.0 1.58 16.69 18.27 NOTE
r-devel-linux-x86_64-debian-gcc 1.0 1.94 16.60 18.54 NOTE
r-devel-linux-x86_64-fedora-clang 1.0 21.73 NOTE
r-devel-linux-x86_64-fedora-gcc 1.0 20.68 NOTE
r-devel-windows-ix86+x86_64 1.0 4.00 27.00 31.00 NOTE
r-patched-linux-x86_64 1.0 1.46 16.74 18.20 NOTE
r-patched-solaris-x86 1.0 33.20 NOTE
r-release-linux-x86_64 1.0 0.84 15.49 16.33 NOTE
r-release-windows-ix86+x86_64 1.0 2.00 25.00 27.00 NOTE
r-release-osx-x86_64 1.0 NOTE
r-oldrel-windows-ix86+x86_64 1.0 3.00 39.00 42.00 NOTE
r-oldrel-osx-x86_64 1.0 NOTE

Check Details

Version: 1.0
Check: R code for possible problems
Result: NOTE
    ebSNP: no visible global function definition for 'optim'
    Undefined global functions or variables:
     optim
    Consider adding
     importFrom("stats", "optim")
    to your NAMESPACE file.
Flavors: r-devel-linux-x86_64-debian-clang, r-devel-linux-x86_64-debian-gcc, r-devel-linux-x86_64-fedora-clang, r-devel-linux-x86_64-fedora-gcc, r-devel-windows-ix86+x86_64, r-patched-linux-x86_64, r-patched-solaris-x86, r-release-linux-x86_64, r-release-windows-ix86+x86_64, r-release-osx-x86_64, r-oldrel-windows-ix86+x86_64, r-oldrel-osx-x86_64