CRAN Package Check Results for Package easyr

Last updated on 2020-10-31 20:47:21 CET.

Flavor Version Tinstall Tcheck Ttotal Status Flags
r-devel-linux-x86_64-debian-clang 0.5-2 6.75 60.36 67.11 OK
r-devel-linux-x86_64-debian-gcc 0.5-2 4.91 45.11 50.02 OK
r-devel-linux-x86_64-fedora-clang 0.5-2 89.02 NOTE
r-devel-linux-x86_64-fedora-gcc 0.5-2 92.43 NOTE
r-devel-windows-ix86+x86_64 0.5-2 12.00 96.00 108.00 OK
r-patched-linux-x86_64 0.5-2 5.59 55.95 61.54 OK
r-patched-solaris-x86 0.5-2 100.80 NOTE
r-release-linux-x86_64 0.5-2 5.08 56.72 61.80 OK
r-release-macos-x86_64 0.5-2 NOTE
r-release-windows-ix86+x86_64 0.5-2 9.00 71.00 80.00 OK
r-oldrel-macos-x86_64 0.5-2 NOTE
r-oldrel-windows-ix86+x86_64 0.5-2 9.00 70.00 79.00 OK

Check Details

Version: 0.5-2
Check: dependencies in R code
Result: NOTE
    Namespace in Imports field not imported from: ‘rprojroot’
     All declared Imports should be used.
Flavors: r-devel-linux-x86_64-fedora-clang, r-devel-linux-x86_64-fedora-gcc, r-patched-solaris-x86, r-release-macos-x86_64, r-oldrel-macos-x86_64