CRAN Package Check Results for Package easyAHP

Last updated on 2022-12-09 01:50:27 CET.

Flavor Version Tinstall Tcheck Ttotal Status Flags
r-devel-linux-x86_64-debian-clang 0.1.1 3.03 25.21 28.24 NOTE
r-devel-linux-x86_64-debian-gcc 0.1.1 2.41 25.00 27.41 NOTE
r-devel-linux-x86_64-fedora-clang 0.1.1 47.15 NOTE
r-devel-linux-x86_64-fedora-gcc 0.1.1 45.08 NOTE
r-devel-windows-x86_64 0.1.1 9.00 67.00 76.00 NOTE
r-patched-linux-x86_64 0.1.1 2.71 25.41 28.12 NOTE
r-release-linux-x86_64 0.1.1 3.09 25.01 28.10 NOTE
r-release-macos-arm64 0.1.1 14.00 NOTE
r-release-macos-x86_64 0.1.1 21.00 NOTE
r-release-windows-x86_64 0.1.1 6.00 44.00 50.00 NOTE
r-oldrel-macos-arm64 0.1.1 15.00 NOTE
r-oldrel-macos-x86_64 0.1.1 26.00 NOTE
r-oldrel-windows-ix86+x86_64 0.1.1 7.00 27.00 34.00 NOTE

Check Details

Version: 0.1.1
Check: LazyData
Result: NOTE
     'LazyData' is specified without a 'data' directory
Flavors: r-devel-linux-x86_64-debian-clang, r-devel-linux-x86_64-debian-gcc, r-devel-linux-x86_64-fedora-clang, r-devel-linux-x86_64-fedora-gcc, r-devel-windows-x86_64, r-patched-linux-x86_64, r-release-linux-x86_64, r-release-macos-arm64, r-release-macos-x86_64, r-release-windows-x86_64, r-oldrel-macos-arm64, r-oldrel-macos-x86_64, r-oldrel-windows-ix86+x86_64