CRAN Package Check Results for Package easyAHP

Last updated on 2023-12-10 22:55:56 CET.

Flavor Version Tinstall Tcheck Ttotal Status Flags
r-devel-linux-x86_64-debian-clang 0.1.1 3.52 24.31 27.83 NOTE
r-devel-linux-x86_64-debian-gcc 0.1.1 2.22 19.17 21.39 NOTE
r-devel-linux-x86_64-fedora-clang 0.1.1 35.13 NOTE
r-devel-linux-x86_64-fedora-gcc 0.1.1 33.05 NOTE
r-devel-windows-x86_64 0.1.1 4.00 38.00 42.00 NOTE
r-patched-linux-x86_64 0.1.1 3.06 24.73 27.79 NOTE
r-release-linux-x86_64 0.1.1 2.91 24.54 27.45 NOTE
r-release-macos-arm64 0.1.1 16.00 NOTE
r-release-macos-x86_64 0.1.1 22.00 NOTE
r-release-windows-x86_64 0.1.1 5.00 37.00 42.00 NOTE
r-oldrel-macos-arm64 0.1.1 15.00 NOTE
r-oldrel-macos-x86_64 0.1.1 21.00 NOTE
r-oldrel-windows-x86_64 0.1.1 6.00 44.00 50.00 NOTE

Check Details

Version: 0.1.1
Check: LazyData
Result: NOTE 'LazyData' is specified without a 'data' directory Flavors: r-devel-linux-x86_64-debian-clang, r-devel-linux-x86_64-debian-gcc, r-devel-linux-x86_64-fedora-clang, r-devel-linux-x86_64-fedora-gcc, r-devel-windows-x86_64, r-patched-linux-x86_64, r-release-linux-x86_64, r-release-macos-arm64, r-release-macos-x86_64, r-release-windows-x86_64, r-oldrel-macos-arm64, r-oldrel-macos-x86_64, r-oldrel-windows-x86_64