CRAN Package Check Results for Package earthtones

Last updated on 2021-06-23 03:50:32 CEST.

Flavor Version Tinstall Tcheck Ttotal Status Flags
r-devel-linux-x86_64-debian-clang 0.1.1 2.12 23.47 25.59 NOTE
r-devel-linux-x86_64-debian-gcc 0.1.1 1.65 18.33 19.98 NOTE
r-devel-linux-x86_64-fedora-clang 0.1.1 40.73 NOTE
r-devel-linux-x86_64-fedora-gcc 0.1.1 29.48 NOTE
r-devel-windows-x86_64 0.1.1 4.00 36.00 40.00 NOTE
r-devel-windows-x86_64-gcc10-UCRT 0.1.1 ERROR
r-patched-linux-x86_64 0.1.1 6.39 22.58 28.97 NOTE
r-patched-solaris-x86 0.1.1 46.70 NOTE
r-release-linux-x86_64 0.1.1 1.59 22.58 24.17 NOTE
r-release-macos-arm64 0.1.1 NOTE
r-release-macos-x86_64 0.1.1 NOTE
r-release-windows-ix86+x86_64 0.1.1 4.00 39.00 43.00 NOTE
r-oldrel-macos-x86_64 0.1.1 OK

Check Details

Version: 0.1.1
Check: LazyData
Result: NOTE
     'LazyData' is specified without a 'data' directory
Flavors: r-devel-linux-x86_64-debian-clang, r-devel-linux-x86_64-debian-gcc, r-devel-linux-x86_64-fedora-clang, r-devel-linux-x86_64-fedora-gcc, r-devel-windows-x86_64, r-patched-linux-x86_64, r-patched-solaris-x86, r-release-linux-x86_64, r-release-macos-arm64, r-release-macos-x86_64, r-release-windows-ix86+x86_64

Version: 0.1.1
Check: package dependencies
Result: ERROR
    Package required but not available: 'ggmap'
    
    See section 'The DESCRIPTION file' in the 'Writing R Extensions'
    manual.
Flavor: r-devel-windows-x86_64-gcc10-UCRT