CRAN Package Check Results for Package earth

Last updated on 2019-04-26 06:47:35 CEST.

Flavor Version Tinstall Tcheck Ttotal Status Flags
r-devel-linux-x86_64-debian-clang 5.1.1 17.04 77.24 94.28 OK
r-devel-linux-x86_64-debian-gcc 5.1.1 12.45 59.82 72.27 OK
r-devel-linux-x86_64-fedora-clang 5.1.1 111.16 OK
r-devel-linux-x86_64-fedora-gcc 5.1.1 104.19 OK
r-devel-windows-ix86+x86_64 5.1.1 40.00 122.00 162.00 OK
r-patched-linux-x86_64 5.1.1 16.88 77.91 94.79 OK
r-patched-solaris-x86 5.1.1 129.50 OK
r-release-linux-x86_64 5.1.1 15.60 75.07 90.67 OK
r-release-windows-ix86+x86_64 5.1.1 38.00 84.00 122.00 OK
r-release-osx-x86_64 5.1.1 OK
r-oldrel-windows-ix86+x86_64 5.1.1 16.00 156.00 172.00 OK
r-oldrel-osx-x86_64 5.0.0 ERROR

Check Details

Version: 5.0.0
Check: whether package can be installed
Result: ERROR
    Installation failed.
Flavor: r-oldrel-osx-x86_64